{"id":908,"date":"2024-06-28T11:30:08","date_gmt":"2024-06-28T11:30:08","guid":{"rendered":"https:\/\/careymoa.virtualservers.es\/?post_type=product&#038;p=908"},"modified":"2024-06-28T11:30:08","modified_gmt":"2024-06-28T11:30:08","slug":"placa-cubre-zanja-de-1600mm-x-1200-mm-de-fibra-de-vidrio","status":"publish","type":"product","link":"https:\/\/careymoa.virtualservers.es\/index.php\/producto\/placa-cubre-zanja-de-1600mm-x-1200-mm-de-fibra-de-vidrio\/","title":{"rendered":"Placa cubre zanja de 1600mm x 1200 mm de fibra de vidrio."},"content":{"rendered":"<div class=\"flex flex-grow flex-col max-w-full\">\n<div class=\"min-h-[20px] text-message flex flex-col items-start whitespace-pre-wrap break-words [.text-message+&amp;]:mt-5 juice:w-full juice:items-end overflow-x-auto gap-2\" dir=\"auto\" data-message-author-role=\"assistant\" data-message-id=\"a0171c83-f815-473c-9a64-8400fb4a9f19\">\n<div class=\"flex w-full flex-col gap-1 juice:empty:hidden juice:first:pt-[3px]\">\n<div class=\"markdown prose w-full break-words dark:prose-invert dark\">\n<p>La placa cubre zanjas de 1600 x 1200 mm est\u00e1 moldeada en composite reforzado con fibra de vidrio, ofreciendo un acabado antideslizante y cantos achaflanados para m\u00e1xima estabilidad. Dise\u00f1ada para zanjas de hasta 900 mm, puede soportar veh\u00edculos de hasta 2,5 toneladas gracias a su estructura robusta. Ligera y esencial para obras, su color amarillo mejora la visibilidad y los cantos redondeados aseguran la seguridad. Ideal para trabajos exteriores, proporciona resistencia y seguridad en obras de calle, facilitando el acceso seguro tanto para peatones como veh\u00edculos sobre terrenos irregulares, perfecta para cubrir zanjas en obras urbanas peque\u00f1as.<\/p>\n<p>Especificaciones t\u00e9cnicas:<\/p>\n<ul>\n<li>Largo: 1.600 mm<\/li>\n<li>Ancho: 1.200 mm<\/li>\n<li>Zanja de: 900 mm<\/li>\n<li>Peso: 33 kg<\/li>\n<li>Altura: 5 mm<\/li>\n<\/ul>\n<\/div>\n<\/div>\n<\/div>\n<\/div>\n","protected":false},"excerpt":{"rendered":"<p>Placa de 1600 x 1200 mm en composite reforzado, antideslizante y estable. Soporta zanjas de hasta 900 mm y veh\u00edculos de hasta 2,5 toneladas. Ideal para obras exteriores, garantiza seguridad y accesibilidad en terrenos irregulares y obras urbanas.<\/p>\n","protected":false},"featured_media":912,"comment_status":"open","ping_status":"closed","template":"","meta":[],"product_cat":[32],"product_tag":[],"class_list":{"0":"post-908","1":"product","2":"type-product","3":"status-publish","4":"has-post-thumbnail","6":"product_cat-medios-auxiliares","8":"first","9":"instock","10":"shipping-taxable","11":"product-type-simple"},"yoast_head":"<!-- This site is optimized with the Yoast SEO plugin v22.6 - https:\/\/yoast.com\/wordpress\/plugins\/seo\/ -->\n<title>Placa cubre zanja de 1600mm x 1200 mm de fibra de vidrio. - Careymoa<\/title>\n<meta name=\"description\" content=\"Placa de 1600 x 1200 mm en composite reforzado, antideslizante y estable. Soporta zanjas de hasta 900 mm y veh\u00edculos de hasta 2,5 toneladas. Ideal para obras exteriores, garantiza seguridad y accesibilidad en terrenos irregulares y obras urbanas.\" \/>\n<meta name=\"robots\" content=\"index, follow, max-snippet:-1, max-image-preview:large, max-video-preview:-1\" \/>\n<link rel=\"canonical\" href=\"https:\/\/careymoa.virtualservers.es\/index.php\/producto\/placa-cubre-zanja-de-1600mm-x-1200-mm-de-fibra-de-vidrio\/\" \/>\n<meta property=\"og:locale\" content=\"es_ES\" \/>\n<meta property=\"og:type\" content=\"article\" \/>\n<meta property=\"og:title\" content=\"Placa cubre zanja de 1600mm x 1200 mm de fibra de vidrio. - Careymoa\" \/>\n<meta property=\"og:description\" content=\"Placa de 1600 x 1200 mm en composite reforzado, antideslizante y estable. Soporta zanjas de hasta 900 mm y veh\u00edculos de hasta 2,5 toneladas. Ideal para obras exteriores, garantiza seguridad y accesibilidad en terrenos irregulares y obras urbanas.\" \/>\n<meta property=\"og:url\" content=\"https:\/\/careymoa.virtualservers.es\/index.php\/producto\/placa-cubre-zanja-de-1600mm-x-1200-mm-de-fibra-de-vidrio\/\" \/>\n<meta property=\"og:site_name\" content=\"Careymoa\" \/>\n<meta property=\"og:image\" content=\"https:\/\/careymoa.virtualservers.es\/wp-content\/uploads\/2024\/06\/P-16-12.jpeg\" \/>\n\t<meta property=\"og:image:width\" content=\"1153\" \/>\n\t<meta property=\"og:image:height\" content=\"1153\" \/>\n\t<meta property=\"og:image:type\" content=\"image\/jpeg\" \/>\n<meta name=\"twitter:card\" content=\"summary_large_image\" \/>\n<meta name=\"twitter:label1\" content=\"Tiempo de lectura\" \/>\n\t<meta name=\"twitter:data1\" content=\"1 minuto\" \/>\n<script type=\"application\/ld+json\" class=\"yoast-schema-graph\">{\"@context\":\"https:\/\/schema.org\",\"@graph\":[{\"@type\":\"WebPage\",\"@id\":\"https:\/\/careymoa.virtualservers.es\/index.php\/producto\/placa-cubre-zanja-de-1600mm-x-1200-mm-de-fibra-de-vidrio\/\",\"url\":\"https:\/\/careymoa.virtualservers.es\/index.php\/producto\/placa-cubre-zanja-de-1600mm-x-1200-mm-de-fibra-de-vidrio\/\",\"name\":\"Placa cubre zanja de 1600mm x 1200 mm de fibra de vidrio. - Careymoa\",\"isPartOf\":{\"@id\":\"https:\/\/careymoa.virtualservers.es\/#website\"},\"primaryImageOfPage\":{\"@id\":\"https:\/\/careymoa.virtualservers.es\/index.php\/producto\/placa-cubre-zanja-de-1600mm-x-1200-mm-de-fibra-de-vidrio\/#primaryimage\"},\"image\":{\"@id\":\"https:\/\/careymoa.virtualservers.es\/index.php\/producto\/placa-cubre-zanja-de-1600mm-x-1200-mm-de-fibra-de-vidrio\/#primaryimage\"},\"thumbnailUrl\":\"https:\/\/careymoa.virtualservers.es\/wp-content\/uploads\/2024\/06\/P-16-12.jpeg\",\"datePublished\":\"2024-06-28T11:30:08+00:00\",\"dateModified\":\"2024-06-28T11:30:08+00:00\",\"description\":\"Placa de 1600 x 1200 mm en composite reforzado, antideslizante y estable. Soporta zanjas de hasta 900 mm y veh\u00edculos de hasta 2,5 toneladas. Ideal para obras exteriores, garantiza seguridad y accesibilidad en terrenos irregulares y obras urbanas.\",\"breadcrumb\":{\"@id\":\"https:\/\/careymoa.virtualservers.es\/index.php\/producto\/placa-cubre-zanja-de-1600mm-x-1200-mm-de-fibra-de-vidrio\/#breadcrumb\"},\"inLanguage\":\"es\",\"potentialAction\":[{\"@type\":\"ReadAction\",\"target\":[\"https:\/\/careymoa.virtualservers.es\/index.php\/producto\/placa-cubre-zanja-de-1600mm-x-1200-mm-de-fibra-de-vidrio\/\"]}]},{\"@type\":\"ImageObject\",\"inLanguage\":\"es\",\"@id\":\"https:\/\/careymoa.virtualservers.es\/index.php\/producto\/placa-cubre-zanja-de-1600mm-x-1200-mm-de-fibra-de-vidrio\/#primaryimage\",\"url\":\"https:\/\/careymoa.virtualservers.es\/wp-content\/uploads\/2024\/06\/P-16-12.jpeg\",\"contentUrl\":\"https:\/\/careymoa.virtualservers.es\/wp-content\/uploads\/2024\/06\/P-16-12.jpeg\",\"width\":1153,\"height\":1153},{\"@type\":\"BreadcrumbList\",\"@id\":\"https:\/\/careymoa.virtualservers.es\/index.php\/producto\/placa-cubre-zanja-de-1600mm-x-1200-mm-de-fibra-de-vidrio\/#breadcrumb\",\"itemListElement\":[{\"@type\":\"ListItem\",\"position\":1,\"name\":\"Portada\",\"item\":\"https:\/\/careymoa.virtualservers.es\/\"},{\"@type\":\"ListItem\",\"position\":2,\"name\":\"Tienda\",\"item\":\"https:\/\/careymoa.virtualservers.es\/index.php\/tienda\/\"},{\"@type\":\"ListItem\",\"position\":3,\"name\":\"Placa cubre zanja de 1600mm x 1200 mm de fibra de vidrio.\"}]},{\"@type\":\"WebSite\",\"@id\":\"https:\/\/careymoa.virtualservers.es\/#website\",\"url\":\"https:\/\/careymoa.virtualservers.es\/\",\"name\":\"Careymoa\",\"description\":\"Empresa de alquiler de maquinaria \",\"publisher\":{\"@id\":\"https:\/\/careymoa.virtualservers.es\/#organization\"},\"potentialAction\":[{\"@type\":\"SearchAction\",\"target\":{\"@type\":\"EntryPoint\",\"urlTemplate\":\"https:\/\/careymoa.virtualservers.es\/?s={search_term_string}\"},\"query-input\":\"required name=search_term_string\"}],\"inLanguage\":\"es\"},{\"@type\":\"Organization\",\"@id\":\"https:\/\/careymoa.virtualservers.es\/#organization\",\"name\":\"Careymoa\",\"url\":\"https:\/\/careymoa.virtualservers.es\/\",\"logo\":{\"@type\":\"ImageObject\",\"inLanguage\":\"es\",\"@id\":\"https:\/\/careymoa.virtualservers.es\/#\/schema\/logo\/image\/\",\"url\":\"https:\/\/careymoa.virtualservers.es\/wp-content\/uploads\/2024\/05\/cropped-image002.png\",\"contentUrl\":\"https:\/\/careymoa.virtualservers.es\/wp-content\/uploads\/2024\/05\/cropped-image002.png\",\"width\":374,\"height\":148,\"caption\":\"Careymoa\"},\"image\":{\"@id\":\"https:\/\/careymoa.virtualservers.es\/#\/schema\/logo\/image\/\"}}]}<\/script>\n<!-- \/ Yoast SEO plugin. -->","yoast_head_json":{"title":"Placa cubre zanja de 1600mm x 1200 mm de fibra de vidrio. - Careymoa","description":"Placa de 1600 x 1200 mm en composite reforzado, antideslizante y estable. Soporta zanjas de hasta 900 mm y veh\u00edculos de hasta 2,5 toneladas. Ideal para obras exteriores, garantiza seguridad y accesibilidad en terrenos irregulares y obras urbanas.","robots":{"index":"index","follow":"follow","max-snippet":"max-snippet:-1","max-image-preview":"max-image-preview:large","max-video-preview":"max-video-preview:-1"},"canonical":"https:\/\/careymoa.virtualservers.es\/index.php\/producto\/placa-cubre-zanja-de-1600mm-x-1200-mm-de-fibra-de-vidrio\/","og_locale":"es_ES","og_type":"article","og_title":"Placa cubre zanja de 1600mm x 1200 mm de fibra de vidrio. - Careymoa","og_description":"Placa de 1600 x 1200 mm en composite reforzado, antideslizante y estable. Soporta zanjas de hasta 900 mm y veh\u00edculos de hasta 2,5 toneladas. Ideal para obras exteriores, garantiza seguridad y accesibilidad en terrenos irregulares y obras urbanas.","og_url":"https:\/\/careymoa.virtualservers.es\/index.php\/producto\/placa-cubre-zanja-de-1600mm-x-1200-mm-de-fibra-de-vidrio\/","og_site_name":"Careymoa","og_image":[{"width":1153,"height":1153,"url":"https:\/\/careymoa.virtualservers.es\/wp-content\/uploads\/2024\/06\/P-16-12.jpeg","type":"image\/jpeg"}],"twitter_card":"summary_large_image","twitter_misc":{"Tiempo de lectura":"1 minuto"},"schema":{"@context":"https:\/\/schema.org","@graph":[{"@type":"WebPage","@id":"https:\/\/careymoa.virtualservers.es\/index.php\/producto\/placa-cubre-zanja-de-1600mm-x-1200-mm-de-fibra-de-vidrio\/","url":"https:\/\/careymoa.virtualservers.es\/index.php\/producto\/placa-cubre-zanja-de-1600mm-x-1200-mm-de-fibra-de-vidrio\/","name":"Placa cubre zanja de 1600mm x 1200 mm de fibra de vidrio. - Careymoa","isPartOf":{"@id":"https:\/\/careymoa.virtualservers.es\/#website"},"primaryImageOfPage":{"@id":"https:\/\/careymoa.virtualservers.es\/index.php\/producto\/placa-cubre-zanja-de-1600mm-x-1200-mm-de-fibra-de-vidrio\/#primaryimage"},"image":{"@id":"https:\/\/careymoa.virtualservers.es\/index.php\/producto\/placa-cubre-zanja-de-1600mm-x-1200-mm-de-fibra-de-vidrio\/#primaryimage"},"thumbnailUrl":"https:\/\/careymoa.virtualservers.es\/wp-content\/uploads\/2024\/06\/P-16-12.jpeg","datePublished":"2024-06-28T11:30:08+00:00","dateModified":"2024-06-28T11:30:08+00:00","description":"Placa de 1600 x 1200 mm en composite reforzado, antideslizante y estable. Soporta zanjas de hasta 900 mm y veh\u00edculos de hasta 2,5 toneladas. Ideal para obras exteriores, garantiza seguridad y accesibilidad en terrenos irregulares y obras urbanas.","breadcrumb":{"@id":"https:\/\/careymoa.virtualservers.es\/index.php\/producto\/placa-cubre-zanja-de-1600mm-x-1200-mm-de-fibra-de-vidrio\/#breadcrumb"},"inLanguage":"es","potentialAction":[{"@type":"ReadAction","target":["https:\/\/careymoa.virtualservers.es\/index.php\/producto\/placa-cubre-zanja-de-1600mm-x-1200-mm-de-fibra-de-vidrio\/"]}]},{"@type":"ImageObject","inLanguage":"es","@id":"https:\/\/careymoa.virtualservers.es\/index.php\/producto\/placa-cubre-zanja-de-1600mm-x-1200-mm-de-fibra-de-vidrio\/#primaryimage","url":"https:\/\/careymoa.virtualservers.es\/wp-content\/uploads\/2024\/06\/P-16-12.jpeg","contentUrl":"https:\/\/careymoa.virtualservers.es\/wp-content\/uploads\/2024\/06\/P-16-12.jpeg","width":1153,"height":1153},{"@type":"BreadcrumbList","@id":"https:\/\/careymoa.virtualservers.es\/index.php\/producto\/placa-cubre-zanja-de-1600mm-x-1200-mm-de-fibra-de-vidrio\/#breadcrumb","itemListElement":[{"@type":"ListItem","position":1,"name":"Portada","item":"https:\/\/careymoa.virtualservers.es\/"},{"@type":"ListItem","position":2,"name":"Tienda","item":"https:\/\/careymoa.virtualservers.es\/index.php\/tienda\/"},{"@type":"ListItem","position":3,"name":"Placa cubre zanja de 1600mm x 1200 mm de fibra de vidrio."}]},{"@type":"WebSite","@id":"https:\/\/careymoa.virtualservers.es\/#website","url":"https:\/\/careymoa.virtualservers.es\/","name":"Careymoa","description":"Empresa de alquiler de maquinaria ","publisher":{"@id":"https:\/\/careymoa.virtualservers.es\/#organization"},"potentialAction":[{"@type":"SearchAction","target":{"@type":"EntryPoint","urlTemplate":"https:\/\/careymoa.virtualservers.es\/?s={search_term_string}"},"query-input":"required name=search_term_string"}],"inLanguage":"es"},{"@type":"Organization","@id":"https:\/\/careymoa.virtualservers.es\/#organization","name":"Careymoa","url":"https:\/\/careymoa.virtualservers.es\/","logo":{"@type":"ImageObject","inLanguage":"es","@id":"https:\/\/careymoa.virtualservers.es\/#\/schema\/logo\/image\/","url":"https:\/\/careymoa.virtualservers.es\/wp-content\/uploads\/2024\/05\/cropped-image002.png","contentUrl":"https:\/\/careymoa.virtualservers.es\/wp-content\/uploads\/2024\/05\/cropped-image002.png","width":374,"height":148,"caption":"Careymoa"},"image":{"@id":"https:\/\/careymoa.virtualservers.es\/#\/schema\/logo\/image\/"}}]}},"_links":{"self":[{"href":"https:\/\/careymoa.virtualservers.es\/index.php\/wp-json\/wp\/v2\/product\/908","targetHints":{"allow":["GET"]}}],"collection":[{"href":"https:\/\/careymoa.virtualservers.es\/index.php\/wp-json\/wp\/v2\/product"}],"about":[{"href":"https:\/\/careymoa.virtualservers.es\/index.php\/wp-json\/wp\/v2\/types\/product"}],"replies":[{"embeddable":true,"href":"https:\/\/careymoa.virtualservers.es\/index.php\/wp-json\/wp\/v2\/comments?post=908"}],"wp:featuredmedia":[{"embeddable":true,"href":"https:\/\/careymoa.virtualservers.es\/index.php\/wp-json\/wp\/v2\/media\/912"}],"wp:attachment":[{"href":"https:\/\/careymoa.virtualservers.es\/index.php\/wp-json\/wp\/v2\/media?parent=908"}],"wp:term":[{"taxonomy":"product_cat","embeddable":true,"href":"https:\/\/careymoa.virtualservers.es\/index.php\/wp-json\/wp\/v2\/product_cat?post=908"},{"taxonomy":"product_tag","embeddable":true,"href":"https:\/\/careymoa.virtualservers.es\/index.php\/wp-json\/wp\/v2\/product_tag?post=908"}],"curies":[{"name":"wp","href":"https:\/\/api.w.org\/{rel}","templated":true}]}}