{"id":906,"date":"2024-06-28T11:20:19","date_gmt":"2024-06-28T11:20:19","guid":{"rendered":"https:\/\/careymoa.virtualservers.es\/?post_type=product&#038;p=906"},"modified":"2024-06-28T11:20:19","modified_gmt":"2024-06-28T11:20:19","slug":"base-de-caucho-universal-para-senal","status":"publish","type":"product","link":"https:\/\/careymoa.virtualservers.es\/index.php\/producto\/base-de-caucho-universal-para-senal\/","title":{"rendered":"Base de caucho universal para se\u00f1al."},"content":{"rendered":"<div class=\"flex flex-grow flex-col max-w-full\">\n<div class=\"min-h-[20px] text-message flex flex-col items-start whitespace-pre-wrap break-words [.text-message+&amp;]:mt-5 juice:w-full juice:items-end overflow-x-auto gap-2\" dir=\"auto\" data-message-author-role=\"assistant\" data-message-id=\"7ca12fb7-1995-4fad-aa38-c6aff01c4d10\">\n<div class=\"flex w-full flex-col gap-1 juice:empty:hidden juice:first:pt-[3px]\">\n<div class=\"markdown prose w-full break-words dark:prose-invert dark\">\n<p>Base de caucho negro reciclado multiperfil dise\u00f1ada para proporcionar estabilidad a postes de se\u00f1ales de tr\u00e1fico, facilitando su instalaci\u00f3n con agarraderas ergon\u00f3micas. Dispone de 6 orificios adaptados para diferentes medidas de postes: 2 cuadrados de 40&#215;40 mm para postes de 40 mm, ideales para vallas de obras; 2 rectangulares de 80&#215;40 mm para postes de 80 x 40 mm. Su dise\u00f1o en forma de cruz permite colocar los postes en dos posiciones. Adem\u00e1s, incluye 1 orificio redondo de \u00d8 50 mm para postes de 50 mm de di\u00e1metro y 50 x 50 mm, y 1 cuadrado de 60&#215;60 mm para postes de 60 x 60 mm.<\/p>\n<\/div>\n<\/div>\n<\/div>\n<\/div>\n","protected":false},"excerpt":{"rendered":"<div class=\"flex flex-grow flex-col max-w-full\">\n<div class=\"min-h-[20px] text-message flex flex-col items-start whitespace-pre-wrap break-words [.text-message+&amp;]:mt-5 juice:w-full juice:items-end overflow-x-auto gap-2\" dir=\"auto\" data-message-author-role=\"assistant\" data-message-id=\"78aba8f8-c8fd-4f3b-9bf2-5738807f2fc3\">\n<div class=\"flex w-full flex-col gap-1 juice:empty:hidden juice:first:pt-[3px]\">\n<div class=\"markdown prose w-full break-words dark:prose-invert dark\">\n<p>Base de caucho negro reciclado para estabilizar postes de se\u00f1ales de tr\u00e1fico, con agarraderas ergon\u00f3micas y 6 orificios para diferentes tama\u00f1os de postes: cuadrados de 40&#215;40 mm y 60&#215;60 mm, rectangulares de 80&#215;40 mm, y redondo de \u00d8 50 mm. Permite dos posiciones de colocaci\u00f3n.<\/p>\n<\/div>\n<\/div>\n<\/div>\n<\/div>\n","protected":false},"featured_media":907,"comment_status":"open","ping_status":"closed","template":"","meta":[],"product_cat":[44],"product_tag":[],"class_list":{"0":"post-906","1":"product","2":"type-product","3":"status-publish","4":"has-post-thumbnail","6":"product_cat-senalizacion-y-balizamiento","8":"first","9":"instock","10":"shipping-taxable","11":"product-type-simple"},"yoast_head":"<!-- This site is optimized with the Yoast SEO plugin v22.6 - https:\/\/yoast.com\/wordpress\/plugins\/seo\/ -->\n<title>Base de caucho universal para se\u00f1al. - Careymoa<\/title>\n<meta name=\"description\" content=\"Base de caucho negro reciclado para estabilizar postes de se\u00f1ales de tr\u00e1fico, con agarraderas ergon\u00f3micas y 6 orificios para diferentes tama\u00f1os de postes: cuadrados de 40x40 mm y 60x60 mm, rectangulares de 80x40 mm, y redondo de \u00d8 50 mm. Permite dos posiciones de colocaci\u00f3n.\" \/>\n<meta name=\"robots\" content=\"index, follow, max-snippet:-1, max-image-preview:large, max-video-preview:-1\" \/>\n<link rel=\"canonical\" href=\"https:\/\/careymoa.virtualservers.es\/index.php\/producto\/base-de-caucho-universal-para-senal\/\" \/>\n<meta property=\"og:locale\" content=\"es_ES\" \/>\n<meta property=\"og:type\" content=\"article\" \/>\n<meta property=\"og:title\" content=\"Base de caucho universal para se\u00f1al. - Careymoa\" \/>\n<meta property=\"og:description\" content=\"Base de caucho negro reciclado para estabilizar postes de se\u00f1ales de tr\u00e1fico, con agarraderas ergon\u00f3micas y 6 orificios para diferentes tama\u00f1os de postes: cuadrados de 40x40 mm y 60x60 mm, rectangulares de 80x40 mm, y redondo de \u00d8 50 mm. Permite dos posiciones de colocaci\u00f3n.\" \/>\n<meta property=\"og:url\" content=\"https:\/\/careymoa.virtualservers.es\/index.php\/producto\/base-de-caucho-universal-para-senal\/\" \/>\n<meta property=\"og:site_name\" content=\"Careymoa\" \/>\n<meta property=\"og:image\" content=\"https:\/\/careymoa.virtualservers.es\/wp-content\/uploads\/2024\/06\/2882-Base-de-caucho-para-poste-vial-28-kg.jpg\" \/>\n\t<meta property=\"og:image:width\" content=\"1000\" \/>\n\t<meta property=\"og:image:height\" content=\"1000\" \/>\n\t<meta property=\"og:image:type\" content=\"image\/jpeg\" \/>\n<meta name=\"twitter:card\" content=\"summary_large_image\" \/>\n<meta name=\"twitter:label1\" content=\"Tiempo de lectura\" \/>\n\t<meta name=\"twitter:data1\" content=\"1 minuto\" \/>\n<script type=\"application\/ld+json\" class=\"yoast-schema-graph\">{\"@context\":\"https:\/\/schema.org\",\"@graph\":[{\"@type\":\"WebPage\",\"@id\":\"https:\/\/careymoa.virtualservers.es\/index.php\/producto\/base-de-caucho-universal-para-senal\/\",\"url\":\"https:\/\/careymoa.virtualservers.es\/index.php\/producto\/base-de-caucho-universal-para-senal\/\",\"name\":\"Base de caucho universal para se\u00f1al. - Careymoa\",\"isPartOf\":{\"@id\":\"https:\/\/careymoa.virtualservers.es\/#website\"},\"primaryImageOfPage\":{\"@id\":\"https:\/\/careymoa.virtualservers.es\/index.php\/producto\/base-de-caucho-universal-para-senal\/#primaryimage\"},\"image\":{\"@id\":\"https:\/\/careymoa.virtualservers.es\/index.php\/producto\/base-de-caucho-universal-para-senal\/#primaryimage\"},\"thumbnailUrl\":\"https:\/\/careymoa.virtualservers.es\/wp-content\/uploads\/2024\/06\/2882-Base-de-caucho-para-poste-vial-28-kg.jpg\",\"datePublished\":\"2024-06-28T11:20:19+00:00\",\"dateModified\":\"2024-06-28T11:20:19+00:00\",\"description\":\"Base de caucho negro reciclado para estabilizar postes de se\u00f1ales de tr\u00e1fico, con agarraderas ergon\u00f3micas y 6 orificios para diferentes tama\u00f1os de postes: cuadrados de 40x40 mm y 60x60 mm, rectangulares de 80x40 mm, y redondo de \u00d8 50 mm. Permite dos posiciones de colocaci\u00f3n.\",\"breadcrumb\":{\"@id\":\"https:\/\/careymoa.virtualservers.es\/index.php\/producto\/base-de-caucho-universal-para-senal\/#breadcrumb\"},\"inLanguage\":\"es\",\"potentialAction\":[{\"@type\":\"ReadAction\",\"target\":[\"https:\/\/careymoa.virtualservers.es\/index.php\/producto\/base-de-caucho-universal-para-senal\/\"]}]},{\"@type\":\"ImageObject\",\"inLanguage\":\"es\",\"@id\":\"https:\/\/careymoa.virtualservers.es\/index.php\/producto\/base-de-caucho-universal-para-senal\/#primaryimage\",\"url\":\"https:\/\/careymoa.virtualservers.es\/wp-content\/uploads\/2024\/06\/2882-Base-de-caucho-para-poste-vial-28-kg.jpg\",\"contentUrl\":\"https:\/\/careymoa.virtualservers.es\/wp-content\/uploads\/2024\/06\/2882-Base-de-caucho-para-poste-vial-28-kg.jpg\",\"width\":1000,\"height\":1000},{\"@type\":\"BreadcrumbList\",\"@id\":\"https:\/\/careymoa.virtualservers.es\/index.php\/producto\/base-de-caucho-universal-para-senal\/#breadcrumb\",\"itemListElement\":[{\"@type\":\"ListItem\",\"position\":1,\"name\":\"Portada\",\"item\":\"https:\/\/careymoa.virtualservers.es\/\"},{\"@type\":\"ListItem\",\"position\":2,\"name\":\"Tienda\",\"item\":\"https:\/\/careymoa.virtualservers.es\/index.php\/tienda\/\"},{\"@type\":\"ListItem\",\"position\":3,\"name\":\"Base de caucho universal para se\u00f1al.\"}]},{\"@type\":\"WebSite\",\"@id\":\"https:\/\/careymoa.virtualservers.es\/#website\",\"url\":\"https:\/\/careymoa.virtualservers.es\/\",\"name\":\"Careymoa\",\"description\":\"Empresa de alquiler de maquinaria \",\"publisher\":{\"@id\":\"https:\/\/careymoa.virtualservers.es\/#organization\"},\"potentialAction\":[{\"@type\":\"SearchAction\",\"target\":{\"@type\":\"EntryPoint\",\"urlTemplate\":\"https:\/\/careymoa.virtualservers.es\/?s={search_term_string}\"},\"query-input\":\"required name=search_term_string\"}],\"inLanguage\":\"es\"},{\"@type\":\"Organization\",\"@id\":\"https:\/\/careymoa.virtualservers.es\/#organization\",\"name\":\"Careymoa\",\"url\":\"https:\/\/careymoa.virtualservers.es\/\",\"logo\":{\"@type\":\"ImageObject\",\"inLanguage\":\"es\",\"@id\":\"https:\/\/careymoa.virtualservers.es\/#\/schema\/logo\/image\/\",\"url\":\"https:\/\/careymoa.virtualservers.es\/wp-content\/uploads\/2024\/05\/cropped-image002.png\",\"contentUrl\":\"https:\/\/careymoa.virtualservers.es\/wp-content\/uploads\/2024\/05\/cropped-image002.png\",\"width\":374,\"height\":148,\"caption\":\"Careymoa\"},\"image\":{\"@id\":\"https:\/\/careymoa.virtualservers.es\/#\/schema\/logo\/image\/\"}}]}<\/script>\n<!-- \/ Yoast SEO plugin. -->","yoast_head_json":{"title":"Base de caucho universal para se\u00f1al. - Careymoa","description":"Base de caucho negro reciclado para estabilizar postes de se\u00f1ales de tr\u00e1fico, con agarraderas ergon\u00f3micas y 6 orificios para diferentes tama\u00f1os de postes: cuadrados de 40x40 mm y 60x60 mm, rectangulares de 80x40 mm, y redondo de \u00d8 50 mm. Permite dos posiciones de colocaci\u00f3n.","robots":{"index":"index","follow":"follow","max-snippet":"max-snippet:-1","max-image-preview":"max-image-preview:large","max-video-preview":"max-video-preview:-1"},"canonical":"https:\/\/careymoa.virtualservers.es\/index.php\/producto\/base-de-caucho-universal-para-senal\/","og_locale":"es_ES","og_type":"article","og_title":"Base de caucho universal para se\u00f1al. - Careymoa","og_description":"Base de caucho negro reciclado para estabilizar postes de se\u00f1ales de tr\u00e1fico, con agarraderas ergon\u00f3micas y 6 orificios para diferentes tama\u00f1os de postes: cuadrados de 40x40 mm y 60x60 mm, rectangulares de 80x40 mm, y redondo de \u00d8 50 mm. Permite dos posiciones de colocaci\u00f3n.","og_url":"https:\/\/careymoa.virtualservers.es\/index.php\/producto\/base-de-caucho-universal-para-senal\/","og_site_name":"Careymoa","og_image":[{"width":1000,"height":1000,"url":"https:\/\/careymoa.virtualservers.es\/wp-content\/uploads\/2024\/06\/2882-Base-de-caucho-para-poste-vial-28-kg.jpg","type":"image\/jpeg"}],"twitter_card":"summary_large_image","twitter_misc":{"Tiempo de lectura":"1 minuto"},"schema":{"@context":"https:\/\/schema.org","@graph":[{"@type":"WebPage","@id":"https:\/\/careymoa.virtualservers.es\/index.php\/producto\/base-de-caucho-universal-para-senal\/","url":"https:\/\/careymoa.virtualservers.es\/index.php\/producto\/base-de-caucho-universal-para-senal\/","name":"Base de caucho universal para se\u00f1al. - Careymoa","isPartOf":{"@id":"https:\/\/careymoa.virtualservers.es\/#website"},"primaryImageOfPage":{"@id":"https:\/\/careymoa.virtualservers.es\/index.php\/producto\/base-de-caucho-universal-para-senal\/#primaryimage"},"image":{"@id":"https:\/\/careymoa.virtualservers.es\/index.php\/producto\/base-de-caucho-universal-para-senal\/#primaryimage"},"thumbnailUrl":"https:\/\/careymoa.virtualservers.es\/wp-content\/uploads\/2024\/06\/2882-Base-de-caucho-para-poste-vial-28-kg.jpg","datePublished":"2024-06-28T11:20:19+00:00","dateModified":"2024-06-28T11:20:19+00:00","description":"Base de caucho negro reciclado para estabilizar postes de se\u00f1ales de tr\u00e1fico, con agarraderas ergon\u00f3micas y 6 orificios para diferentes tama\u00f1os de postes: cuadrados de 40x40 mm y 60x60 mm, rectangulares de 80x40 mm, y redondo de \u00d8 50 mm. Permite dos posiciones de colocaci\u00f3n.","breadcrumb":{"@id":"https:\/\/careymoa.virtualservers.es\/index.php\/producto\/base-de-caucho-universal-para-senal\/#breadcrumb"},"inLanguage":"es","potentialAction":[{"@type":"ReadAction","target":["https:\/\/careymoa.virtualservers.es\/index.php\/producto\/base-de-caucho-universal-para-senal\/"]}]},{"@type":"ImageObject","inLanguage":"es","@id":"https:\/\/careymoa.virtualservers.es\/index.php\/producto\/base-de-caucho-universal-para-senal\/#primaryimage","url":"https:\/\/careymoa.virtualservers.es\/wp-content\/uploads\/2024\/06\/2882-Base-de-caucho-para-poste-vial-28-kg.jpg","contentUrl":"https:\/\/careymoa.virtualservers.es\/wp-content\/uploads\/2024\/06\/2882-Base-de-caucho-para-poste-vial-28-kg.jpg","width":1000,"height":1000},{"@type":"BreadcrumbList","@id":"https:\/\/careymoa.virtualservers.es\/index.php\/producto\/base-de-caucho-universal-para-senal\/#breadcrumb","itemListElement":[{"@type":"ListItem","position":1,"name":"Portada","item":"https:\/\/careymoa.virtualservers.es\/"},{"@type":"ListItem","position":2,"name":"Tienda","item":"https:\/\/careymoa.virtualservers.es\/index.php\/tienda\/"},{"@type":"ListItem","position":3,"name":"Base de caucho universal para se\u00f1al."}]},{"@type":"WebSite","@id":"https:\/\/careymoa.virtualservers.es\/#website","url":"https:\/\/careymoa.virtualservers.es\/","name":"Careymoa","description":"Empresa de alquiler de maquinaria ","publisher":{"@id":"https:\/\/careymoa.virtualservers.es\/#organization"},"potentialAction":[{"@type":"SearchAction","target":{"@type":"EntryPoint","urlTemplate":"https:\/\/careymoa.virtualservers.es\/?s={search_term_string}"},"query-input":"required name=search_term_string"}],"inLanguage":"es"},{"@type":"Organization","@id":"https:\/\/careymoa.virtualservers.es\/#organization","name":"Careymoa","url":"https:\/\/careymoa.virtualservers.es\/","logo":{"@type":"ImageObject","inLanguage":"es","@id":"https:\/\/careymoa.virtualservers.es\/#\/schema\/logo\/image\/","url":"https:\/\/careymoa.virtualservers.es\/wp-content\/uploads\/2024\/05\/cropped-image002.png","contentUrl":"https:\/\/careymoa.virtualservers.es\/wp-content\/uploads\/2024\/05\/cropped-image002.png","width":374,"height":148,"caption":"Careymoa"},"image":{"@id":"https:\/\/careymoa.virtualservers.es\/#\/schema\/logo\/image\/"}}]}},"_links":{"self":[{"href":"https:\/\/careymoa.virtualservers.es\/index.php\/wp-json\/wp\/v2\/product\/906","targetHints":{"allow":["GET"]}}],"collection":[{"href":"https:\/\/careymoa.virtualservers.es\/index.php\/wp-json\/wp\/v2\/product"}],"about":[{"href":"https:\/\/careymoa.virtualservers.es\/index.php\/wp-json\/wp\/v2\/types\/product"}],"replies":[{"embeddable":true,"href":"https:\/\/careymoa.virtualservers.es\/index.php\/wp-json\/wp\/v2\/comments?post=906"}],"wp:featuredmedia":[{"embeddable":true,"href":"https:\/\/careymoa.virtualservers.es\/index.php\/wp-json\/wp\/v2\/media\/907"}],"wp:attachment":[{"href":"https:\/\/careymoa.virtualservers.es\/index.php\/wp-json\/wp\/v2\/media?parent=906"}],"wp:term":[{"taxonomy":"product_cat","embeddable":true,"href":"https:\/\/careymoa.virtualservers.es\/index.php\/wp-json\/wp\/v2\/product_cat?post=906"},{"taxonomy":"product_tag","embeddable":true,"href":"https:\/\/careymoa.virtualservers.es\/index.php\/wp-json\/wp\/v2\/product_tag?post=906"}],"curies":[{"name":"wp","href":"https:\/\/api.w.org\/{rel}","templated":true}]}}