{"id":880,"date":"2024-06-28T11:00:52","date_gmt":"2024-06-28T11:00:52","guid":{"rendered":"https:\/\/careymoa.virtualservers.es\/?post_type=product&#038;p=880"},"modified":"2024-07-01T10:02:29","modified_gmt":"2024-07-01T10:02:29","slug":"senal-obra-tp-17-tripode-estrechamiento-de-calzada-derecha","status":"publish","type":"product","link":"https:\/\/careymoa.virtualservers.es\/index.php\/producto\/senal-obra-tp-17-tripode-estrechamiento-de-calzada-derecha\/","title":{"rendered":"Se\u00f1al Obra TP-17 + tr\u00edpode. Estrechamiento de calzada derecha."},"content":{"rendered":"<div class=\"flex flex-grow flex-col max-w-full\">\n<div class=\"min-h-[20px] text-message flex flex-col items-start whitespace-pre-wrap break-words [.text-message+&amp;]:mt-5 juice:w-full juice:items-end overflow-x-auto gap-2\" dir=\"auto\" data-message-author-role=\"assistant\" data-message-id=\"3d6bd098-abd0-4d3a-a4b2-5c941238a07a\">\n<div class=\"flex w-full flex-col gap-1 juice:empty:hidden juice:first:pt-[3px]\">\n<div class=\"markdown prose w-full break-words dark:prose-invert dark\">\n<p>La se\u00f1al TP-17a indica peligro por estrechamiento de la calzada a la derecha debido a obras cercanas. Ofrecemos varios modelos adaptados a diferentes necesidades: la versi\u00f3n econ\u00f3mica, no homologada pero robusta en material galvanizado y lacado al horno de 70 cm ideal para parkings y espacios privados; las homologadas MOPU, tanto la no reflectante con vinilo est\u00e1ndar como la reflectante Nivel 1 con vinilo especial, ambas fabricadas en Acero 2mm seg\u00fan normas UNE y Ministerio de Fomento; la se\u00f1al de polipropileno cuadrada de 60\u00d760 cm, \u00fatil para obras y espacios privados con ollaos para sujeci\u00f3n; y la bolsa de pl\u00e1stico cuadrada de 70\u00d770 cm, sin homologaci\u00f3n pero pr\u00e1ctica con ranura para tr\u00edpode plegable.<\/p>\n<\/div>\n<\/div>\n<\/div>\n<\/div>\n","protected":false},"excerpt":{"rendered":"<p>La se\u00f1al TP-17a indica estrechamiento a la derecha por obras. Modelos: econ\u00f3mica (no homologada) en galvanizado de 70 cm; MOPU homologada en Acero 2mm est\u00e1ndar y reflectante Nivel 1; polipropileno cuadrada de 60\u00d760 cm con ollaos; y bolsa de pl\u00e1stico cuadrada de 70\u00d770 cm para tr\u00edpode.<\/p>\n","protected":false},"featured_media":1000,"comment_status":"open","ping_status":"closed","template":"","meta":[],"product_cat":[44],"product_tag":[],"class_list":{"0":"post-880","1":"product","2":"type-product","3":"status-publish","4":"has-post-thumbnail","6":"product_cat-senalizacion-y-balizamiento","8":"first","9":"instock","10":"shipping-taxable","11":"product-type-simple"},"yoast_head":"<!-- This site is optimized with the Yoast SEO plugin v22.6 - https:\/\/yoast.com\/wordpress\/plugins\/seo\/ -->\n<title>Se\u00f1al Obra TP-17 + tr\u00edpode. Estrechamiento de calzada derecha. - Careymoa<\/title>\n<meta name=\"description\" content=\"La se\u00f1al TP-17a indica estrechamiento a la derecha por obras. Modelos: econ\u00f3mica (no homologada) en galvanizado de 70 cm; MOPU homologada en Acero 2mm est\u00e1ndar y reflectante Nivel 1; polipropileno cuadrada de 60\u00d760 cm con ollaos; y bolsa de pl\u00e1stico cuadrada de 70\u00d770 cm para tr\u00edpode.\" \/>\n<meta name=\"robots\" content=\"index, follow, max-snippet:-1, max-image-preview:large, max-video-preview:-1\" \/>\n<link rel=\"canonical\" href=\"https:\/\/careymoa.virtualservers.es\/index.php\/producto\/senal-obra-tp-17-tripode-estrechamiento-de-calzada-derecha\/\" \/>\n<meta property=\"og:locale\" content=\"es_ES\" \/>\n<meta property=\"og:type\" content=\"article\" \/>\n<meta property=\"og:title\" content=\"Se\u00f1al Obra TP-17 + tr\u00edpode. Estrechamiento de calzada derecha. - Careymoa\" \/>\n<meta property=\"og:description\" content=\"La se\u00f1al TP-17a indica estrechamiento a la derecha por obras. Modelos: econ\u00f3mica (no homologada) en galvanizado de 70 cm; MOPU homologada en Acero 2mm est\u00e1ndar y reflectante Nivel 1; polipropileno cuadrada de 60\u00d760 cm con ollaos; y bolsa de pl\u00e1stico cuadrada de 70\u00d770 cm para tr\u00edpode.\" \/>\n<meta property=\"og:url\" content=\"https:\/\/careymoa.virtualservers.es\/index.php\/producto\/senal-obra-tp-17-tripode-estrechamiento-de-calzada-derecha\/\" \/>\n<meta property=\"og:site_name\" content=\"Careymoa\" \/>\n<meta property=\"article:modified_time\" content=\"2024-07-01T10:02:29+00:00\" \/>\n<meta property=\"og:image\" content=\"https:\/\/careymoa.virtualservers.es\/wp-content\/uploads\/2024\/06\/senal-tp-17.jpg\" \/>\n\t<meta property=\"og:image:width\" content=\"768\" \/>\n\t<meta property=\"og:image:height\" content=\"1024\" \/>\n\t<meta property=\"og:image:type\" content=\"image\/jpeg\" \/>\n<meta name=\"twitter:card\" content=\"summary_large_image\" \/>\n<meta name=\"twitter:label1\" content=\"Tiempo de lectura\" \/>\n\t<meta name=\"twitter:data1\" content=\"1 minuto\" \/>\n<script type=\"application\/ld+json\" class=\"yoast-schema-graph\">{\"@context\":\"https:\/\/schema.org\",\"@graph\":[{\"@type\":\"WebPage\",\"@id\":\"https:\/\/careymoa.virtualservers.es\/index.php\/producto\/senal-obra-tp-17-tripode-estrechamiento-de-calzada-derecha\/\",\"url\":\"https:\/\/careymoa.virtualservers.es\/index.php\/producto\/senal-obra-tp-17-tripode-estrechamiento-de-calzada-derecha\/\",\"name\":\"Se\u00f1al Obra TP-17 + tr\u00edpode. Estrechamiento de calzada derecha. - Careymoa\",\"isPartOf\":{\"@id\":\"https:\/\/careymoa.virtualservers.es\/#website\"},\"primaryImageOfPage\":{\"@id\":\"https:\/\/careymoa.virtualservers.es\/index.php\/producto\/senal-obra-tp-17-tripode-estrechamiento-de-calzada-derecha\/#primaryimage\"},\"image\":{\"@id\":\"https:\/\/careymoa.virtualservers.es\/index.php\/producto\/senal-obra-tp-17-tripode-estrechamiento-de-calzada-derecha\/#primaryimage\"},\"thumbnailUrl\":\"https:\/\/careymoa.virtualservers.es\/wp-content\/uploads\/2024\/06\/senal-tp-17.jpg\",\"datePublished\":\"2024-06-28T11:00:52+00:00\",\"dateModified\":\"2024-07-01T10:02:29+00:00\",\"description\":\"La se\u00f1al TP-17a indica estrechamiento a la derecha por obras. Modelos: econ\u00f3mica (no homologada) en galvanizado de 70 cm; MOPU homologada en Acero 2mm est\u00e1ndar y reflectante Nivel 1; polipropileno cuadrada de 60\u00d760 cm con ollaos; y bolsa de pl\u00e1stico cuadrada de 70\u00d770 cm para tr\u00edpode.\",\"breadcrumb\":{\"@id\":\"https:\/\/careymoa.virtualservers.es\/index.php\/producto\/senal-obra-tp-17-tripode-estrechamiento-de-calzada-derecha\/#breadcrumb\"},\"inLanguage\":\"es\",\"potentialAction\":[{\"@type\":\"ReadAction\",\"target\":[\"https:\/\/careymoa.virtualservers.es\/index.php\/producto\/senal-obra-tp-17-tripode-estrechamiento-de-calzada-derecha\/\"]}]},{\"@type\":\"ImageObject\",\"inLanguage\":\"es\",\"@id\":\"https:\/\/careymoa.virtualservers.es\/index.php\/producto\/senal-obra-tp-17-tripode-estrechamiento-de-calzada-derecha\/#primaryimage\",\"url\":\"https:\/\/careymoa.virtualservers.es\/wp-content\/uploads\/2024\/06\/senal-tp-17.jpg\",\"contentUrl\":\"https:\/\/careymoa.virtualservers.es\/wp-content\/uploads\/2024\/06\/senal-tp-17.jpg\",\"width\":768,\"height\":1024},{\"@type\":\"BreadcrumbList\",\"@id\":\"https:\/\/careymoa.virtualservers.es\/index.php\/producto\/senal-obra-tp-17-tripode-estrechamiento-de-calzada-derecha\/#breadcrumb\",\"itemListElement\":[{\"@type\":\"ListItem\",\"position\":1,\"name\":\"Portada\",\"item\":\"https:\/\/careymoa.virtualservers.es\/\"},{\"@type\":\"ListItem\",\"position\":2,\"name\":\"Tienda\",\"item\":\"https:\/\/careymoa.virtualservers.es\/index.php\/tienda\/\"},{\"@type\":\"ListItem\",\"position\":3,\"name\":\"Se\u00f1al Obra TP-17 + tr\u00edpode. Estrechamiento de calzada derecha.\"}]},{\"@type\":\"WebSite\",\"@id\":\"https:\/\/careymoa.virtualservers.es\/#website\",\"url\":\"https:\/\/careymoa.virtualservers.es\/\",\"name\":\"Careymoa\",\"description\":\"Empresa de alquiler de maquinaria \",\"publisher\":{\"@id\":\"https:\/\/careymoa.virtualservers.es\/#organization\"},\"potentialAction\":[{\"@type\":\"SearchAction\",\"target\":{\"@type\":\"EntryPoint\",\"urlTemplate\":\"https:\/\/careymoa.virtualservers.es\/?s={search_term_string}\"},\"query-input\":\"required name=search_term_string\"}],\"inLanguage\":\"es\"},{\"@type\":\"Organization\",\"@id\":\"https:\/\/careymoa.virtualservers.es\/#organization\",\"name\":\"Careymoa\",\"url\":\"https:\/\/careymoa.virtualservers.es\/\",\"logo\":{\"@type\":\"ImageObject\",\"inLanguage\":\"es\",\"@id\":\"https:\/\/careymoa.virtualservers.es\/#\/schema\/logo\/image\/\",\"url\":\"https:\/\/careymoa.virtualservers.es\/wp-content\/uploads\/2024\/05\/cropped-image002.png\",\"contentUrl\":\"https:\/\/careymoa.virtualservers.es\/wp-content\/uploads\/2024\/05\/cropped-image002.png\",\"width\":374,\"height\":148,\"caption\":\"Careymoa\"},\"image\":{\"@id\":\"https:\/\/careymoa.virtualservers.es\/#\/schema\/logo\/image\/\"}}]}<\/script>\n<!-- \/ Yoast SEO plugin. -->","yoast_head_json":{"title":"Se\u00f1al Obra TP-17 + tr\u00edpode. Estrechamiento de calzada derecha. - Careymoa","description":"La se\u00f1al TP-17a indica estrechamiento a la derecha por obras. Modelos: econ\u00f3mica (no homologada) en galvanizado de 70 cm; MOPU homologada en Acero 2mm est\u00e1ndar y reflectante Nivel 1; polipropileno cuadrada de 60\u00d760 cm con ollaos; y bolsa de pl\u00e1stico cuadrada de 70\u00d770 cm para tr\u00edpode.","robots":{"index":"index","follow":"follow","max-snippet":"max-snippet:-1","max-image-preview":"max-image-preview:large","max-video-preview":"max-video-preview:-1"},"canonical":"https:\/\/careymoa.virtualservers.es\/index.php\/producto\/senal-obra-tp-17-tripode-estrechamiento-de-calzada-derecha\/","og_locale":"es_ES","og_type":"article","og_title":"Se\u00f1al Obra TP-17 + tr\u00edpode. Estrechamiento de calzada derecha. - Careymoa","og_description":"La se\u00f1al TP-17a indica estrechamiento a la derecha por obras. Modelos: econ\u00f3mica (no homologada) en galvanizado de 70 cm; MOPU homologada en Acero 2mm est\u00e1ndar y reflectante Nivel 1; polipropileno cuadrada de 60\u00d760 cm con ollaos; y bolsa de pl\u00e1stico cuadrada de 70\u00d770 cm para tr\u00edpode.","og_url":"https:\/\/careymoa.virtualservers.es\/index.php\/producto\/senal-obra-tp-17-tripode-estrechamiento-de-calzada-derecha\/","og_site_name":"Careymoa","article_modified_time":"2024-07-01T10:02:29+00:00","og_image":[{"width":768,"height":1024,"url":"https:\/\/careymoa.virtualservers.es\/wp-content\/uploads\/2024\/06\/senal-tp-17.jpg","type":"image\/jpeg"}],"twitter_card":"summary_large_image","twitter_misc":{"Tiempo de lectura":"1 minuto"},"schema":{"@context":"https:\/\/schema.org","@graph":[{"@type":"WebPage","@id":"https:\/\/careymoa.virtualservers.es\/index.php\/producto\/senal-obra-tp-17-tripode-estrechamiento-de-calzada-derecha\/","url":"https:\/\/careymoa.virtualservers.es\/index.php\/producto\/senal-obra-tp-17-tripode-estrechamiento-de-calzada-derecha\/","name":"Se\u00f1al Obra TP-17 + tr\u00edpode. Estrechamiento de calzada derecha. - Careymoa","isPartOf":{"@id":"https:\/\/careymoa.virtualservers.es\/#website"},"primaryImageOfPage":{"@id":"https:\/\/careymoa.virtualservers.es\/index.php\/producto\/senal-obra-tp-17-tripode-estrechamiento-de-calzada-derecha\/#primaryimage"},"image":{"@id":"https:\/\/careymoa.virtualservers.es\/index.php\/producto\/senal-obra-tp-17-tripode-estrechamiento-de-calzada-derecha\/#primaryimage"},"thumbnailUrl":"https:\/\/careymoa.virtualservers.es\/wp-content\/uploads\/2024\/06\/senal-tp-17.jpg","datePublished":"2024-06-28T11:00:52+00:00","dateModified":"2024-07-01T10:02:29+00:00","description":"La se\u00f1al TP-17a indica estrechamiento a la derecha por obras. Modelos: econ\u00f3mica (no homologada) en galvanizado de 70 cm; MOPU homologada en Acero 2mm est\u00e1ndar y reflectante Nivel 1; polipropileno cuadrada de 60\u00d760 cm con ollaos; y bolsa de pl\u00e1stico cuadrada de 70\u00d770 cm para tr\u00edpode.","breadcrumb":{"@id":"https:\/\/careymoa.virtualservers.es\/index.php\/producto\/senal-obra-tp-17-tripode-estrechamiento-de-calzada-derecha\/#breadcrumb"},"inLanguage":"es","potentialAction":[{"@type":"ReadAction","target":["https:\/\/careymoa.virtualservers.es\/index.php\/producto\/senal-obra-tp-17-tripode-estrechamiento-de-calzada-derecha\/"]}]},{"@type":"ImageObject","inLanguage":"es","@id":"https:\/\/careymoa.virtualservers.es\/index.php\/producto\/senal-obra-tp-17-tripode-estrechamiento-de-calzada-derecha\/#primaryimage","url":"https:\/\/careymoa.virtualservers.es\/wp-content\/uploads\/2024\/06\/senal-tp-17.jpg","contentUrl":"https:\/\/careymoa.virtualservers.es\/wp-content\/uploads\/2024\/06\/senal-tp-17.jpg","width":768,"height":1024},{"@type":"BreadcrumbList","@id":"https:\/\/careymoa.virtualservers.es\/index.php\/producto\/senal-obra-tp-17-tripode-estrechamiento-de-calzada-derecha\/#breadcrumb","itemListElement":[{"@type":"ListItem","position":1,"name":"Portada","item":"https:\/\/careymoa.virtualservers.es\/"},{"@type":"ListItem","position":2,"name":"Tienda","item":"https:\/\/careymoa.virtualservers.es\/index.php\/tienda\/"},{"@type":"ListItem","position":3,"name":"Se\u00f1al Obra TP-17 + tr\u00edpode. Estrechamiento de calzada derecha."}]},{"@type":"WebSite","@id":"https:\/\/careymoa.virtualservers.es\/#website","url":"https:\/\/careymoa.virtualservers.es\/","name":"Careymoa","description":"Empresa de alquiler de maquinaria ","publisher":{"@id":"https:\/\/careymoa.virtualservers.es\/#organization"},"potentialAction":[{"@type":"SearchAction","target":{"@type":"EntryPoint","urlTemplate":"https:\/\/careymoa.virtualservers.es\/?s={search_term_string}"},"query-input":"required name=search_term_string"}],"inLanguage":"es"},{"@type":"Organization","@id":"https:\/\/careymoa.virtualservers.es\/#organization","name":"Careymoa","url":"https:\/\/careymoa.virtualservers.es\/","logo":{"@type":"ImageObject","inLanguage":"es","@id":"https:\/\/careymoa.virtualservers.es\/#\/schema\/logo\/image\/","url":"https:\/\/careymoa.virtualservers.es\/wp-content\/uploads\/2024\/05\/cropped-image002.png","contentUrl":"https:\/\/careymoa.virtualservers.es\/wp-content\/uploads\/2024\/05\/cropped-image002.png","width":374,"height":148,"caption":"Careymoa"},"image":{"@id":"https:\/\/careymoa.virtualservers.es\/#\/schema\/logo\/image\/"}}]}},"_links":{"self":[{"href":"https:\/\/careymoa.virtualservers.es\/index.php\/wp-json\/wp\/v2\/product\/880","targetHints":{"allow":["GET"]}}],"collection":[{"href":"https:\/\/careymoa.virtualservers.es\/index.php\/wp-json\/wp\/v2\/product"}],"about":[{"href":"https:\/\/careymoa.virtualservers.es\/index.php\/wp-json\/wp\/v2\/types\/product"}],"replies":[{"embeddable":true,"href":"https:\/\/careymoa.virtualservers.es\/index.php\/wp-json\/wp\/v2\/comments?post=880"}],"wp:featuredmedia":[{"embeddable":true,"href":"https:\/\/careymoa.virtualservers.es\/index.php\/wp-json\/wp\/v2\/media\/1000"}],"wp:attachment":[{"href":"https:\/\/careymoa.virtualservers.es\/index.php\/wp-json\/wp\/v2\/media?parent=880"}],"wp:term":[{"taxonomy":"product_cat","embeddable":true,"href":"https:\/\/careymoa.virtualservers.es\/index.php\/wp-json\/wp\/v2\/product_cat?post=880"},{"taxonomy":"product_tag","embeddable":true,"href":"https:\/\/careymoa.virtualservers.es\/index.php\/wp-json\/wp\/v2\/product_tag?post=880"}],"curies":[{"name":"wp","href":"https:\/\/api.w.org\/{rel}","templated":true}]}}