{"id":879,"date":"2024-06-28T10:57:21","date_gmt":"2024-06-28T10:57:21","guid":{"rendered":"https:\/\/careymoa.virtualservers.es\/?post_type=product&#038;p=879"},"modified":"2024-06-28T10:57:21","modified_gmt":"2024-06-28T10:57:21","slug":"juego-de-2-semaforos-portatiles-para-obra-sin-baterias","status":"publish","type":"product","link":"https:\/\/careymoa.virtualservers.es\/index.php\/producto\/juego-de-2-semaforos-portatiles-para-obra-sin-baterias\/","title":{"rendered":"Juego de 2 semaforos portatiles para obra sin baterias"},"content":{"rendered":"<p>Este sem\u00e1foro port\u00e1til econ\u00f3mico est\u00e1 dise\u00f1ado espec\u00edficamente para su uso en obras, destacando por su sistema de luces LED y su estructura fabricada con una combinaci\u00f3n de acero galvanizado y Policarbonato. Esta mezcla de materiales asegura que el sem\u00e1foro sea capaz de resistir el trato duro y las condiciones adversas t\u00edpicas de los entornos de construcci\u00f3n.<\/p>\n<p>La consola de control es manual y ha sido dise\u00f1ada con caracter\u00edsticas que la hacen impermeable y resistente a impactos y ca\u00eddas, proporcionando durabilidad y fiabilidad incluso en condiciones clim\u00e1ticas severas. Adem\u00e1s, su interfaz de manejo y programaci\u00f3n es intuitiva y f\u00e1cil de usar, lo que facilita la operaci\u00f3n del sem\u00e1foro por parte de los usuarios.<\/p>\n<p>Este sem\u00e1foro no solo cumple con las necesidades b\u00e1sicas de seguridad y control del tr\u00e1fico en obras, sino que tambi\u00e9n ofrece un dise\u00f1o robusto que garantiza un rendimiento consistente a lo largo del tiempo, haciendo de \u00e9l una opci\u00f3n confiable para proyectos de construcci\u00f3n y mantenimiento de infraestructuras.<\/p>\n","protected":false},"excerpt":{"rendered":"<div class=\"flex-shrink-0 flex flex-col relative items-end\">\n<div>\n<div class=\"pt-0.5 juice:pt-0\">\n<div class=\"gizmo-bot-avatar flex h-6 w-6 items-center justify-center overflow-hidden rounded-full juice:h-8 juice:w-8\">\n<div class=\"relative p-1 rounded-sm flex items-center justify-center bg-token-main-surface-primary text-token-text-primary h-8 w-8\">Sem\u00e1foro port\u00e1til econ\u00f3mico para obras, equipado con luces LED y fabricado en acero galvanizado y Policarbonato para resistencia. Su consola manual es impermeable, resistente a impactos y f\u00e1cil de manejar, asegurando durabilidad y fiabilidad en entornos de construcci\u00f3n exigentes. Ideal para control de tr\u00e1fico y seguridad en obras.<\/div>\n<\/div>\n<\/div>\n<\/div>\n<\/div>\n","protected":false},"featured_media":884,"comment_status":"open","ping_status":"closed","template":"","meta":[],"product_cat":[46],"product_tag":[],"class_list":{"0":"post-879","1":"product","2":"type-product","3":"status-publish","4":"has-post-thumbnail","6":"product_cat-maquinaria-electrica","8":"first","9":"instock","10":"shipping-taxable","11":"product-type-simple"},"yoast_head":"<!-- This site is optimized with the Yoast SEO plugin v22.6 - https:\/\/yoast.com\/wordpress\/plugins\/seo\/ -->\n<title>Juego de 2 semaforos portatiles para obra sin baterias - Careymoa<\/title>\n<meta name=\"description\" content=\"Sem\u00e1foro port\u00e1til econ\u00f3mico para obras, equipado con luces LED y fabricado en acero galvanizado y Policarbonato para resistencia. Su consola manual es impermeable, resistente a impactos y f\u00e1cil de manejar, asegurando durabilidad y fiabilidad en entornos de construcci\u00f3n exigentes. Ideal para control de tr\u00e1fico y seguridad en obras.\" \/>\n<meta name=\"robots\" content=\"index, follow, max-snippet:-1, max-image-preview:large, max-video-preview:-1\" \/>\n<link rel=\"canonical\" href=\"https:\/\/careymoa.virtualservers.es\/index.php\/producto\/juego-de-2-semaforos-portatiles-para-obra-sin-baterias\/\" \/>\n<meta property=\"og:locale\" content=\"es_ES\" \/>\n<meta property=\"og:type\" content=\"article\" \/>\n<meta property=\"og:title\" content=\"Juego de 2 semaforos portatiles para obra sin baterias - Careymoa\" \/>\n<meta property=\"og:description\" content=\"Sem\u00e1foro port\u00e1til econ\u00f3mico para obras, equipado con luces LED y fabricado en acero galvanizado y Policarbonato para resistencia. Su consola manual es impermeable, resistente a impactos y f\u00e1cil de manejar, asegurando durabilidad y fiabilidad en entornos de construcci\u00f3n exigentes. Ideal para control de tr\u00e1fico y seguridad en obras.\" \/>\n<meta property=\"og:url\" content=\"https:\/\/careymoa.virtualservers.es\/index.php\/producto\/juego-de-2-semaforos-portatiles-para-obra-sin-baterias\/\" \/>\n<meta property=\"og:site_name\" content=\"Careymoa\" \/>\n<meta property=\"og:image\" content=\"https:\/\/careymoa.virtualservers.es\/wp-content\/uploads\/2024\/06\/juego-semaforo.jpg\" \/>\n\t<meta property=\"og:image:width\" content=\"438\" \/>\n\t<meta property=\"og:image:height\" content=\"364\" \/>\n\t<meta property=\"og:image:type\" content=\"image\/jpeg\" \/>\n<meta name=\"twitter:card\" content=\"summary_large_image\" \/>\n<meta name=\"twitter:label1\" content=\"Tiempo de lectura\" \/>\n\t<meta name=\"twitter:data1\" content=\"1 minuto\" \/>\n<script type=\"application\/ld+json\" class=\"yoast-schema-graph\">{\"@context\":\"https:\/\/schema.org\",\"@graph\":[{\"@type\":\"WebPage\",\"@id\":\"https:\/\/careymoa.virtualservers.es\/index.php\/producto\/juego-de-2-semaforos-portatiles-para-obra-sin-baterias\/\",\"url\":\"https:\/\/careymoa.virtualservers.es\/index.php\/producto\/juego-de-2-semaforos-portatiles-para-obra-sin-baterias\/\",\"name\":\"Juego de 2 semaforos portatiles para obra sin baterias - Careymoa\",\"isPartOf\":{\"@id\":\"https:\/\/careymoa.virtualservers.es\/#website\"},\"primaryImageOfPage\":{\"@id\":\"https:\/\/careymoa.virtualservers.es\/index.php\/producto\/juego-de-2-semaforos-portatiles-para-obra-sin-baterias\/#primaryimage\"},\"image\":{\"@id\":\"https:\/\/careymoa.virtualservers.es\/index.php\/producto\/juego-de-2-semaforos-portatiles-para-obra-sin-baterias\/#primaryimage\"},\"thumbnailUrl\":\"https:\/\/careymoa.virtualservers.es\/wp-content\/uploads\/2024\/06\/juego-semaforo.jpg\",\"datePublished\":\"2024-06-28T10:57:21+00:00\",\"dateModified\":\"2024-06-28T10:57:21+00:00\",\"description\":\"Sem\u00e1foro port\u00e1til econ\u00f3mico para obras, equipado con luces LED y fabricado en acero galvanizado y Policarbonato para resistencia. Su consola manual es impermeable, resistente a impactos y f\u00e1cil de manejar, asegurando durabilidad y fiabilidad en entornos de construcci\u00f3n exigentes. Ideal para control de tr\u00e1fico y seguridad en obras.\",\"breadcrumb\":{\"@id\":\"https:\/\/careymoa.virtualservers.es\/index.php\/producto\/juego-de-2-semaforos-portatiles-para-obra-sin-baterias\/#breadcrumb\"},\"inLanguage\":\"es\",\"potentialAction\":[{\"@type\":\"ReadAction\",\"target\":[\"https:\/\/careymoa.virtualservers.es\/index.php\/producto\/juego-de-2-semaforos-portatiles-para-obra-sin-baterias\/\"]}]},{\"@type\":\"ImageObject\",\"inLanguage\":\"es\",\"@id\":\"https:\/\/careymoa.virtualservers.es\/index.php\/producto\/juego-de-2-semaforos-portatiles-para-obra-sin-baterias\/#primaryimage\",\"url\":\"https:\/\/careymoa.virtualservers.es\/wp-content\/uploads\/2024\/06\/juego-semaforo.jpg\",\"contentUrl\":\"https:\/\/careymoa.virtualservers.es\/wp-content\/uploads\/2024\/06\/juego-semaforo.jpg\",\"width\":438,\"height\":364},{\"@type\":\"BreadcrumbList\",\"@id\":\"https:\/\/careymoa.virtualservers.es\/index.php\/producto\/juego-de-2-semaforos-portatiles-para-obra-sin-baterias\/#breadcrumb\",\"itemListElement\":[{\"@type\":\"ListItem\",\"position\":1,\"name\":\"Portada\",\"item\":\"https:\/\/careymoa.virtualservers.es\/\"},{\"@type\":\"ListItem\",\"position\":2,\"name\":\"Tienda\",\"item\":\"https:\/\/careymoa.virtualservers.es\/index.php\/tienda\/\"},{\"@type\":\"ListItem\",\"position\":3,\"name\":\"Juego de 2 semaforos portatiles para obra sin baterias\"}]},{\"@type\":\"WebSite\",\"@id\":\"https:\/\/careymoa.virtualservers.es\/#website\",\"url\":\"https:\/\/careymoa.virtualservers.es\/\",\"name\":\"Careymoa\",\"description\":\"Empresa de alquiler de maquinaria \",\"publisher\":{\"@id\":\"https:\/\/careymoa.virtualservers.es\/#organization\"},\"potentialAction\":[{\"@type\":\"SearchAction\",\"target\":{\"@type\":\"EntryPoint\",\"urlTemplate\":\"https:\/\/careymoa.virtualservers.es\/?s={search_term_string}\"},\"query-input\":\"required name=search_term_string\"}],\"inLanguage\":\"es\"},{\"@type\":\"Organization\",\"@id\":\"https:\/\/careymoa.virtualservers.es\/#organization\",\"name\":\"Careymoa\",\"url\":\"https:\/\/careymoa.virtualservers.es\/\",\"logo\":{\"@type\":\"ImageObject\",\"inLanguage\":\"es\",\"@id\":\"https:\/\/careymoa.virtualservers.es\/#\/schema\/logo\/image\/\",\"url\":\"https:\/\/careymoa.virtualservers.es\/wp-content\/uploads\/2024\/05\/cropped-image002.png\",\"contentUrl\":\"https:\/\/careymoa.virtualservers.es\/wp-content\/uploads\/2024\/05\/cropped-image002.png\",\"width\":374,\"height\":148,\"caption\":\"Careymoa\"},\"image\":{\"@id\":\"https:\/\/careymoa.virtualservers.es\/#\/schema\/logo\/image\/\"}}]}<\/script>\n<!-- \/ Yoast SEO plugin. -->","yoast_head_json":{"title":"Juego de 2 semaforos portatiles para obra sin baterias - Careymoa","description":"Sem\u00e1foro port\u00e1til econ\u00f3mico para obras, equipado con luces LED y fabricado en acero galvanizado y Policarbonato para resistencia. Su consola manual es impermeable, resistente a impactos y f\u00e1cil de manejar, asegurando durabilidad y fiabilidad en entornos de construcci\u00f3n exigentes. Ideal para control de tr\u00e1fico y seguridad en obras.","robots":{"index":"index","follow":"follow","max-snippet":"max-snippet:-1","max-image-preview":"max-image-preview:large","max-video-preview":"max-video-preview:-1"},"canonical":"https:\/\/careymoa.virtualservers.es\/index.php\/producto\/juego-de-2-semaforos-portatiles-para-obra-sin-baterias\/","og_locale":"es_ES","og_type":"article","og_title":"Juego de 2 semaforos portatiles para obra sin baterias - Careymoa","og_description":"Sem\u00e1foro port\u00e1til econ\u00f3mico para obras, equipado con luces LED y fabricado en acero galvanizado y Policarbonato para resistencia. Su consola manual es impermeable, resistente a impactos y f\u00e1cil de manejar, asegurando durabilidad y fiabilidad en entornos de construcci\u00f3n exigentes. Ideal para control de tr\u00e1fico y seguridad en obras.","og_url":"https:\/\/careymoa.virtualservers.es\/index.php\/producto\/juego-de-2-semaforos-portatiles-para-obra-sin-baterias\/","og_site_name":"Careymoa","og_image":[{"width":438,"height":364,"url":"https:\/\/careymoa.virtualservers.es\/wp-content\/uploads\/2024\/06\/juego-semaforo.jpg","type":"image\/jpeg"}],"twitter_card":"summary_large_image","twitter_misc":{"Tiempo de lectura":"1 minuto"},"schema":{"@context":"https:\/\/schema.org","@graph":[{"@type":"WebPage","@id":"https:\/\/careymoa.virtualservers.es\/index.php\/producto\/juego-de-2-semaforos-portatiles-para-obra-sin-baterias\/","url":"https:\/\/careymoa.virtualservers.es\/index.php\/producto\/juego-de-2-semaforos-portatiles-para-obra-sin-baterias\/","name":"Juego de 2 semaforos portatiles para obra sin baterias - Careymoa","isPartOf":{"@id":"https:\/\/careymoa.virtualservers.es\/#website"},"primaryImageOfPage":{"@id":"https:\/\/careymoa.virtualservers.es\/index.php\/producto\/juego-de-2-semaforos-portatiles-para-obra-sin-baterias\/#primaryimage"},"image":{"@id":"https:\/\/careymoa.virtualservers.es\/index.php\/producto\/juego-de-2-semaforos-portatiles-para-obra-sin-baterias\/#primaryimage"},"thumbnailUrl":"https:\/\/careymoa.virtualservers.es\/wp-content\/uploads\/2024\/06\/juego-semaforo.jpg","datePublished":"2024-06-28T10:57:21+00:00","dateModified":"2024-06-28T10:57:21+00:00","description":"Sem\u00e1foro port\u00e1til econ\u00f3mico para obras, equipado con luces LED y fabricado en acero galvanizado y Policarbonato para resistencia. Su consola manual es impermeable, resistente a impactos y f\u00e1cil de manejar, asegurando durabilidad y fiabilidad en entornos de construcci\u00f3n exigentes. Ideal para control de tr\u00e1fico y seguridad en obras.","breadcrumb":{"@id":"https:\/\/careymoa.virtualservers.es\/index.php\/producto\/juego-de-2-semaforos-portatiles-para-obra-sin-baterias\/#breadcrumb"},"inLanguage":"es","potentialAction":[{"@type":"ReadAction","target":["https:\/\/careymoa.virtualservers.es\/index.php\/producto\/juego-de-2-semaforos-portatiles-para-obra-sin-baterias\/"]}]},{"@type":"ImageObject","inLanguage":"es","@id":"https:\/\/careymoa.virtualservers.es\/index.php\/producto\/juego-de-2-semaforos-portatiles-para-obra-sin-baterias\/#primaryimage","url":"https:\/\/careymoa.virtualservers.es\/wp-content\/uploads\/2024\/06\/juego-semaforo.jpg","contentUrl":"https:\/\/careymoa.virtualservers.es\/wp-content\/uploads\/2024\/06\/juego-semaforo.jpg","width":438,"height":364},{"@type":"BreadcrumbList","@id":"https:\/\/careymoa.virtualservers.es\/index.php\/producto\/juego-de-2-semaforos-portatiles-para-obra-sin-baterias\/#breadcrumb","itemListElement":[{"@type":"ListItem","position":1,"name":"Portada","item":"https:\/\/careymoa.virtualservers.es\/"},{"@type":"ListItem","position":2,"name":"Tienda","item":"https:\/\/careymoa.virtualservers.es\/index.php\/tienda\/"},{"@type":"ListItem","position":3,"name":"Juego de 2 semaforos portatiles para obra sin baterias"}]},{"@type":"WebSite","@id":"https:\/\/careymoa.virtualservers.es\/#website","url":"https:\/\/careymoa.virtualservers.es\/","name":"Careymoa","description":"Empresa de alquiler de maquinaria ","publisher":{"@id":"https:\/\/careymoa.virtualservers.es\/#organization"},"potentialAction":[{"@type":"SearchAction","target":{"@type":"EntryPoint","urlTemplate":"https:\/\/careymoa.virtualservers.es\/?s={search_term_string}"},"query-input":"required name=search_term_string"}],"inLanguage":"es"},{"@type":"Organization","@id":"https:\/\/careymoa.virtualservers.es\/#organization","name":"Careymoa","url":"https:\/\/careymoa.virtualservers.es\/","logo":{"@type":"ImageObject","inLanguage":"es","@id":"https:\/\/careymoa.virtualservers.es\/#\/schema\/logo\/image\/","url":"https:\/\/careymoa.virtualservers.es\/wp-content\/uploads\/2024\/05\/cropped-image002.png","contentUrl":"https:\/\/careymoa.virtualservers.es\/wp-content\/uploads\/2024\/05\/cropped-image002.png","width":374,"height":148,"caption":"Careymoa"},"image":{"@id":"https:\/\/careymoa.virtualservers.es\/#\/schema\/logo\/image\/"}}]}},"_links":{"self":[{"href":"https:\/\/careymoa.virtualservers.es\/index.php\/wp-json\/wp\/v2\/product\/879","targetHints":{"allow":["GET"]}}],"collection":[{"href":"https:\/\/careymoa.virtualservers.es\/index.php\/wp-json\/wp\/v2\/product"}],"about":[{"href":"https:\/\/careymoa.virtualservers.es\/index.php\/wp-json\/wp\/v2\/types\/product"}],"replies":[{"embeddable":true,"href":"https:\/\/careymoa.virtualservers.es\/index.php\/wp-json\/wp\/v2\/comments?post=879"}],"wp:featuredmedia":[{"embeddable":true,"href":"https:\/\/careymoa.virtualservers.es\/index.php\/wp-json\/wp\/v2\/media\/884"}],"wp:attachment":[{"href":"https:\/\/careymoa.virtualservers.es\/index.php\/wp-json\/wp\/v2\/media?parent=879"}],"wp:term":[{"taxonomy":"product_cat","embeddable":true,"href":"https:\/\/careymoa.virtualservers.es\/index.php\/wp-json\/wp\/v2\/product_cat?post=879"},{"taxonomy":"product_tag","embeddable":true,"href":"https:\/\/careymoa.virtualservers.es\/index.php\/wp-json\/wp\/v2\/product_tag?post=879"}],"curies":[{"name":"wp","href":"https:\/\/api.w.org\/{rel}","templated":true}]}}