{"id":876,"date":"2024-06-28T11:01:38","date_gmt":"2024-06-28T11:01:38","guid":{"rendered":"https:\/\/careymoa.virtualservers.es\/?post_type=product&#038;p=876"},"modified":"2024-06-28T11:07:17","modified_gmt":"2024-06-28T11:07:17","slug":"pasarela-metalica-peatonal-con-barandilla","status":"publish","type":"product","link":"https:\/\/careymoa.virtualservers.es\/index.php\/producto\/pasarela-metalica-peatonal-con-barandilla\/","title":{"rendered":"Pasarela met\u00e1lica peatonal con barandilla"},"content":{"rendered":"<p>Pasarela para zanjas con barandillas, dise\u00f1ada para garantizar un acceso seguro a trav\u00e9s de zanjas o \u00e1reas similares. Su superficie antideslizante proporciona una mayor seguridad al evitar resbalones y ca\u00eddas aumentando la seguridad para los usuarios. Adem\u00e1s le que permite una integraci\u00f3n f\u00e1cil y eficiente en diferentes entornos de trabajo. Esta pasarela es una soluci\u00f3n pr\u00e1ctica y segura para la gesti\u00f3n de accesos en obras y construcciones.<\/p>\n","protected":false},"excerpt":{"rendered":"<div class=\"flex-shrink-0 flex flex-col relative items-end\">\n<div>\n<div class=\"pt-0.5 juice:pt-0\">\n<div class=\"gizmo-bot-avatar flex h-6 w-6 items-center justify-center overflow-hidden rounded-full juice:h-8 juice:w-8\">\n<div class=\"relative p-1 rounded-sm flex items-center justify-center bg-token-main-surface-primary text-token-text-primary h-8 w-8\"><\/div>\n<\/div>\n<\/div>\n<\/div>\n<\/div>\n<div class=\"group\/conversation-turn relative flex w-full min-w-0 flex-col agent-turn\">\n<div class=\"flex-col gap-1 md:gap-3\">\n<div class=\"flex flex-grow flex-col max-w-full\">\n<div class=\"min-h-[20px] text-message flex flex-col items-start whitespace-pre-wrap break-words [.text-message+&amp;]:mt-5 juice:w-full juice:items-end overflow-x-auto gap-2\" dir=\"auto\" data-message-author-role=\"assistant\" data-message-id=\"66e3a27e-2dbd-4c8d-ab52-c9acd011267e\">\n<div class=\"flex w-full flex-col gap-1 juice:empty:hidden juice:first:pt-[3px]\">\n<div class=\"markdown prose w-full break-words dark:prose-invert light\">\n<p>Pasarela para zanjas con barandillas y superficie antideslizante, dise\u00f1ada para un acceso seguro y evitar resbalones. Es una soluci\u00f3n pr\u00e1ctica para obras y construcciones.<\/p>\n<\/div>\n<\/div>\n<\/div>\n<\/div>\n<\/div>\n<\/div>\n","protected":false},"featured_media":881,"comment_status":"open","ping_status":"closed","template":"","meta":[],"product_cat":[44,32],"product_tag":[],"class_list":{"0":"post-876","1":"product","2":"type-product","3":"status-publish","4":"has-post-thumbnail","6":"product_cat-senalizacion-y-balizamiento","7":"product_cat-medios-auxiliares","9":"first","10":"instock","11":"shipping-taxable","12":"product-type-simple"},"yoast_head":"<!-- This site is optimized with the Yoast SEO plugin v22.6 - https:\/\/yoast.com\/wordpress\/plugins\/seo\/ -->\n<title>Pasarela met\u00e1lica peatonal con barandilla - Careymoa<\/title>\n<meta name=\"description\" content=\"Pasarela para zanjas con barandillas desmontables y superficie antideslizante, dise\u00f1ada para un acceso seguro y evitar resbalones. Compatible con la Valla FR, es una soluci\u00f3n pr\u00e1ctica para obras y construcciones.\" \/>\n<meta name=\"robots\" content=\"index, follow, max-snippet:-1, max-image-preview:large, max-video-preview:-1\" \/>\n<link rel=\"canonical\" href=\"https:\/\/careymoa.virtualservers.es\/index.php\/producto\/pasarela-metalica-peatonal-con-barandilla\/\" \/>\n<meta property=\"og:locale\" content=\"es_ES\" \/>\n<meta property=\"og:type\" content=\"article\" \/>\n<meta property=\"og:title\" content=\"Pasarela met\u00e1lica peatonal con barandilla - Careymoa\" \/>\n<meta property=\"og:description\" content=\"Pasarela para zanjas con barandillas desmontables y superficie antideslizante, dise\u00f1ada para un acceso seguro y evitar resbalones. Compatible con la Valla FR, es una soluci\u00f3n pr\u00e1ctica para obras y construcciones.\" \/>\n<meta property=\"og:url\" content=\"https:\/\/careymoa.virtualservers.es\/index.php\/producto\/pasarela-metalica-peatonal-con-barandilla\/\" \/>\n<meta property=\"og:site_name\" content=\"Careymoa\" \/>\n<meta property=\"article:modified_time\" content=\"2024-06-28T11:07:17+00:00\" \/>\n<meta property=\"og:image\" content=\"https:\/\/careymoa.virtualservers.es\/wp-content\/uploads\/2024\/06\/pasarela-con-barandillas-pl-a-17.jpg\" \/>\n\t<meta property=\"og:image:width\" content=\"445\" \/>\n\t<meta property=\"og:image:height\" content=\"445\" \/>\n\t<meta property=\"og:image:type\" content=\"image\/jpeg\" \/>\n<meta name=\"twitter:card\" content=\"summary_large_image\" \/>\n<meta name=\"twitter:label1\" content=\"Tiempo de lectura\" \/>\n\t<meta name=\"twitter:data1\" content=\"1 minuto\" \/>\n<script type=\"application\/ld+json\" class=\"yoast-schema-graph\">{\"@context\":\"https:\/\/schema.org\",\"@graph\":[{\"@type\":\"WebPage\",\"@id\":\"https:\/\/careymoa.virtualservers.es\/index.php\/producto\/pasarela-metalica-peatonal-con-barandilla\/\",\"url\":\"https:\/\/careymoa.virtualservers.es\/index.php\/producto\/pasarela-metalica-peatonal-con-barandilla\/\",\"name\":\"Pasarela met\u00e1lica peatonal con barandilla - Careymoa\",\"isPartOf\":{\"@id\":\"https:\/\/careymoa.virtualservers.es\/#website\"},\"primaryImageOfPage\":{\"@id\":\"https:\/\/careymoa.virtualservers.es\/index.php\/producto\/pasarela-metalica-peatonal-con-barandilla\/#primaryimage\"},\"image\":{\"@id\":\"https:\/\/careymoa.virtualservers.es\/index.php\/producto\/pasarela-metalica-peatonal-con-barandilla\/#primaryimage\"},\"thumbnailUrl\":\"https:\/\/careymoa.virtualservers.es\/wp-content\/uploads\/2024\/06\/pasarela-con-barandillas-pl-a-17.jpg\",\"datePublished\":\"2024-06-28T11:01:38+00:00\",\"dateModified\":\"2024-06-28T11:07:17+00:00\",\"description\":\"Pasarela para zanjas con barandillas desmontables y superficie antideslizante, dise\u00f1ada para un acceso seguro y evitar resbalones. Compatible con la Valla FR, es una soluci\u00f3n pr\u00e1ctica para obras y construcciones.\",\"breadcrumb\":{\"@id\":\"https:\/\/careymoa.virtualservers.es\/index.php\/producto\/pasarela-metalica-peatonal-con-barandilla\/#breadcrumb\"},\"inLanguage\":\"es\",\"potentialAction\":[{\"@type\":\"ReadAction\",\"target\":[\"https:\/\/careymoa.virtualservers.es\/index.php\/producto\/pasarela-metalica-peatonal-con-barandilla\/\"]}]},{\"@type\":\"ImageObject\",\"inLanguage\":\"es\",\"@id\":\"https:\/\/careymoa.virtualservers.es\/index.php\/producto\/pasarela-metalica-peatonal-con-barandilla\/#primaryimage\",\"url\":\"https:\/\/careymoa.virtualservers.es\/wp-content\/uploads\/2024\/06\/pasarela-con-barandillas-pl-a-17.jpg\",\"contentUrl\":\"https:\/\/careymoa.virtualservers.es\/wp-content\/uploads\/2024\/06\/pasarela-con-barandillas-pl-a-17.jpg\",\"width\":445,\"height\":445},{\"@type\":\"BreadcrumbList\",\"@id\":\"https:\/\/careymoa.virtualservers.es\/index.php\/producto\/pasarela-metalica-peatonal-con-barandilla\/#breadcrumb\",\"itemListElement\":[{\"@type\":\"ListItem\",\"position\":1,\"name\":\"Portada\",\"item\":\"https:\/\/careymoa.virtualservers.es\/\"},{\"@type\":\"ListItem\",\"position\":2,\"name\":\"Tienda\",\"item\":\"https:\/\/careymoa.virtualservers.es\/index.php\/tienda\/\"},{\"@type\":\"ListItem\",\"position\":3,\"name\":\"Pasarela met\u00e1lica peatonal con barandilla\"}]},{\"@type\":\"WebSite\",\"@id\":\"https:\/\/careymoa.virtualservers.es\/#website\",\"url\":\"https:\/\/careymoa.virtualservers.es\/\",\"name\":\"Careymoa\",\"description\":\"Empresa de alquiler de maquinaria \",\"publisher\":{\"@id\":\"https:\/\/careymoa.virtualservers.es\/#organization\"},\"potentialAction\":[{\"@type\":\"SearchAction\",\"target\":{\"@type\":\"EntryPoint\",\"urlTemplate\":\"https:\/\/careymoa.virtualservers.es\/?s={search_term_string}\"},\"query-input\":\"required name=search_term_string\"}],\"inLanguage\":\"es\"},{\"@type\":\"Organization\",\"@id\":\"https:\/\/careymoa.virtualservers.es\/#organization\",\"name\":\"Careymoa\",\"url\":\"https:\/\/careymoa.virtualservers.es\/\",\"logo\":{\"@type\":\"ImageObject\",\"inLanguage\":\"es\",\"@id\":\"https:\/\/careymoa.virtualservers.es\/#\/schema\/logo\/image\/\",\"url\":\"https:\/\/careymoa.virtualservers.es\/wp-content\/uploads\/2024\/05\/cropped-image002.png\",\"contentUrl\":\"https:\/\/careymoa.virtualservers.es\/wp-content\/uploads\/2024\/05\/cropped-image002.png\",\"width\":374,\"height\":148,\"caption\":\"Careymoa\"},\"image\":{\"@id\":\"https:\/\/careymoa.virtualservers.es\/#\/schema\/logo\/image\/\"}}]}<\/script>\n<!-- \/ Yoast SEO plugin. -->","yoast_head_json":{"title":"Pasarela met\u00e1lica peatonal con barandilla - Careymoa","description":"Pasarela para zanjas con barandillas desmontables y superficie antideslizante, dise\u00f1ada para un acceso seguro y evitar resbalones. Compatible con la Valla FR, es una soluci\u00f3n pr\u00e1ctica para obras y construcciones.","robots":{"index":"index","follow":"follow","max-snippet":"max-snippet:-1","max-image-preview":"max-image-preview:large","max-video-preview":"max-video-preview:-1"},"canonical":"https:\/\/careymoa.virtualservers.es\/index.php\/producto\/pasarela-metalica-peatonal-con-barandilla\/","og_locale":"es_ES","og_type":"article","og_title":"Pasarela met\u00e1lica peatonal con barandilla - Careymoa","og_description":"Pasarela para zanjas con barandillas desmontables y superficie antideslizante, dise\u00f1ada para un acceso seguro y evitar resbalones. Compatible con la Valla FR, es una soluci\u00f3n pr\u00e1ctica para obras y construcciones.","og_url":"https:\/\/careymoa.virtualservers.es\/index.php\/producto\/pasarela-metalica-peatonal-con-barandilla\/","og_site_name":"Careymoa","article_modified_time":"2024-06-28T11:07:17+00:00","og_image":[{"width":445,"height":445,"url":"https:\/\/careymoa.virtualservers.es\/wp-content\/uploads\/2024\/06\/pasarela-con-barandillas-pl-a-17.jpg","type":"image\/jpeg"}],"twitter_card":"summary_large_image","twitter_misc":{"Tiempo de lectura":"1 minuto"},"schema":{"@context":"https:\/\/schema.org","@graph":[{"@type":"WebPage","@id":"https:\/\/careymoa.virtualservers.es\/index.php\/producto\/pasarela-metalica-peatonal-con-barandilla\/","url":"https:\/\/careymoa.virtualservers.es\/index.php\/producto\/pasarela-metalica-peatonal-con-barandilla\/","name":"Pasarela met\u00e1lica peatonal con barandilla - Careymoa","isPartOf":{"@id":"https:\/\/careymoa.virtualservers.es\/#website"},"primaryImageOfPage":{"@id":"https:\/\/careymoa.virtualservers.es\/index.php\/producto\/pasarela-metalica-peatonal-con-barandilla\/#primaryimage"},"image":{"@id":"https:\/\/careymoa.virtualservers.es\/index.php\/producto\/pasarela-metalica-peatonal-con-barandilla\/#primaryimage"},"thumbnailUrl":"https:\/\/careymoa.virtualservers.es\/wp-content\/uploads\/2024\/06\/pasarela-con-barandillas-pl-a-17.jpg","datePublished":"2024-06-28T11:01:38+00:00","dateModified":"2024-06-28T11:07:17+00:00","description":"Pasarela para zanjas con barandillas desmontables y superficie antideslizante, dise\u00f1ada para un acceso seguro y evitar resbalones. Compatible con la Valla FR, es una soluci\u00f3n pr\u00e1ctica para obras y construcciones.","breadcrumb":{"@id":"https:\/\/careymoa.virtualservers.es\/index.php\/producto\/pasarela-metalica-peatonal-con-barandilla\/#breadcrumb"},"inLanguage":"es","potentialAction":[{"@type":"ReadAction","target":["https:\/\/careymoa.virtualservers.es\/index.php\/producto\/pasarela-metalica-peatonal-con-barandilla\/"]}]},{"@type":"ImageObject","inLanguage":"es","@id":"https:\/\/careymoa.virtualservers.es\/index.php\/producto\/pasarela-metalica-peatonal-con-barandilla\/#primaryimage","url":"https:\/\/careymoa.virtualservers.es\/wp-content\/uploads\/2024\/06\/pasarela-con-barandillas-pl-a-17.jpg","contentUrl":"https:\/\/careymoa.virtualservers.es\/wp-content\/uploads\/2024\/06\/pasarela-con-barandillas-pl-a-17.jpg","width":445,"height":445},{"@type":"BreadcrumbList","@id":"https:\/\/careymoa.virtualservers.es\/index.php\/producto\/pasarela-metalica-peatonal-con-barandilla\/#breadcrumb","itemListElement":[{"@type":"ListItem","position":1,"name":"Portada","item":"https:\/\/careymoa.virtualservers.es\/"},{"@type":"ListItem","position":2,"name":"Tienda","item":"https:\/\/careymoa.virtualservers.es\/index.php\/tienda\/"},{"@type":"ListItem","position":3,"name":"Pasarela met\u00e1lica peatonal con barandilla"}]},{"@type":"WebSite","@id":"https:\/\/careymoa.virtualservers.es\/#website","url":"https:\/\/careymoa.virtualservers.es\/","name":"Careymoa","description":"Empresa de alquiler de maquinaria ","publisher":{"@id":"https:\/\/careymoa.virtualservers.es\/#organization"},"potentialAction":[{"@type":"SearchAction","target":{"@type":"EntryPoint","urlTemplate":"https:\/\/careymoa.virtualservers.es\/?s={search_term_string}"},"query-input":"required name=search_term_string"}],"inLanguage":"es"},{"@type":"Organization","@id":"https:\/\/careymoa.virtualservers.es\/#organization","name":"Careymoa","url":"https:\/\/careymoa.virtualservers.es\/","logo":{"@type":"ImageObject","inLanguage":"es","@id":"https:\/\/careymoa.virtualservers.es\/#\/schema\/logo\/image\/","url":"https:\/\/careymoa.virtualservers.es\/wp-content\/uploads\/2024\/05\/cropped-image002.png","contentUrl":"https:\/\/careymoa.virtualservers.es\/wp-content\/uploads\/2024\/05\/cropped-image002.png","width":374,"height":148,"caption":"Careymoa"},"image":{"@id":"https:\/\/careymoa.virtualservers.es\/#\/schema\/logo\/image\/"}}]}},"_links":{"self":[{"href":"https:\/\/careymoa.virtualservers.es\/index.php\/wp-json\/wp\/v2\/product\/876","targetHints":{"allow":["GET"]}}],"collection":[{"href":"https:\/\/careymoa.virtualservers.es\/index.php\/wp-json\/wp\/v2\/product"}],"about":[{"href":"https:\/\/careymoa.virtualservers.es\/index.php\/wp-json\/wp\/v2\/types\/product"}],"replies":[{"embeddable":true,"href":"https:\/\/careymoa.virtualservers.es\/index.php\/wp-json\/wp\/v2\/comments?post=876"}],"wp:featuredmedia":[{"embeddable":true,"href":"https:\/\/careymoa.virtualservers.es\/index.php\/wp-json\/wp\/v2\/media\/881"}],"wp:attachment":[{"href":"https:\/\/careymoa.virtualservers.es\/index.php\/wp-json\/wp\/v2\/media?parent=876"}],"wp:term":[{"taxonomy":"product_cat","embeddable":true,"href":"https:\/\/careymoa.virtualservers.es\/index.php\/wp-json\/wp\/v2\/product_cat?post=876"},{"taxonomy":"product_tag","embeddable":true,"href":"https:\/\/careymoa.virtualservers.es\/index.php\/wp-json\/wp\/v2\/product_tag?post=876"}],"curies":[{"name":"wp","href":"https:\/\/api.w.org\/{rel}","templated":true}]}}