{"id":873,"date":"2024-06-28T10:52:08","date_gmt":"2024-06-28T10:52:08","guid":{"rendered":"https:\/\/careymoa.virtualservers.es\/?post_type=product&#038;p=873"},"modified":"2024-07-01T10:03:09","modified_gmt":"2024-07-01T10:03:09","slug":"senal-obra-tp-17-tripode-estrechamiento-de-calzada-izquierda","status":"publish","type":"product","link":"https:\/\/careymoa.virtualservers.es\/index.php\/producto\/senal-obra-tp-17-tripode-estrechamiento-de-calzada-izquierda\/","title":{"rendered":"Se\u00f1al Obra TP-17 + tr\u00edpode. Estrechamiento de calzada izquierda."},"content":{"rendered":"<div class=\"flex flex-grow flex-col max-w-full\">\n<div class=\"min-h-[20px] text-message flex flex-col items-start whitespace-pre-wrap break-words [.text-message+&amp;]:mt-5 juice:w-full juice:items-end overflow-x-auto gap-2\" dir=\"auto\" data-message-author-role=\"assistant\" data-message-id=\"0535b240-2bd4-4d8a-800f-b753a35f8f4f\">\n<div class=\"flex w-full flex-col gap-1 juice:empty:hidden juice:first:pt-[3px]\">\n<div class=\"markdown prose w-full break-words dark:prose-invert dark\">\n<p>Asegura el cumplimiento normativo en espacios p\u00fablicos con esta se\u00f1al de tr\u00e1fico homologada, ideal para uso repetido en zonas en obras gracias a su durabilidad. El s\u00edmbolo de estrechamiento indica un paso reducido en la izquierda, dise\u00f1ado en acero galvanizado con cubrecantos y material reflectante de base pl\u00e1stica micro-prism\u00e1tica, con marcado CE para mejorar la visibilidad. Cumple con las normativas 8.1-IC, MOPU y marcado CE. Incluye pletinas de sujeci\u00f3n para instalaci\u00f3n con nuestro poste para se\u00f1ales de tr\u00e1fico homologadas en dos tama\u00f1os disponibles, o el tr\u00edpode para una fijaci\u00f3n temporal.<\/p>\n<\/div>\n<\/div>\n<\/div>\n<\/div>\n","protected":false},"excerpt":{"rendered":"<div class=\"flex flex-grow flex-col max-w-full\">\n<div class=\"min-h-[20px] text-message flex flex-col items-start whitespace-pre-wrap break-words [.text-message+&amp;]:mt-5 juice:w-full juice:items-end overflow-x-auto gap-2\" dir=\"auto\" data-message-author-role=\"assistant\" data-message-id=\"c4ca0f93-8422-4b0b-a21d-ea3100c3f4c1\">\n<div class=\"flex w-full flex-col gap-1 juice:empty:hidden juice:first:pt-[3px]\">\n<div class=\"markdown prose w-full break-words dark:prose-invert dark\">\n<p>Se\u00f1al de tr\u00e1fico homologada para espacios p\u00fablicos y zonas en obras, resistente y reutilizable. Fabricada en acero galvanizado con material reflectante micro-prism\u00e1tico y marcado CE. Cumple normativas 8.1-IC, MOPU y CE, incluye pletinas para montaje con postes o tr\u00edpodes disponibles.<\/p>\n<\/div>\n<\/div>\n<\/div>\n<\/div>\n","protected":false},"featured_media":1002,"comment_status":"open","ping_status":"closed","template":"","meta":[],"product_cat":[44],"product_tag":[],"class_list":{"0":"post-873","1":"product","2":"type-product","3":"status-publish","4":"has-post-thumbnail","6":"product_cat-senalizacion-y-balizamiento","8":"first","9":"instock","10":"shipping-taxable","11":"product-type-simple"},"yoast_head":"<!-- This site is optimized with the Yoast SEO plugin v22.6 - https:\/\/yoast.com\/wordpress\/plugins\/seo\/ -->\n<title>Se\u00f1al Obra TP-17 + tr\u00edpode. Estrechamiento de calzada izquierda. - Careymoa<\/title>\n<meta name=\"description\" content=\"Se\u00f1al de tr\u00e1fico homologada para espacios p\u00fablicos y zonas en obras, resistente y reutilizable. Fabricada en acero galvanizado con material reflectante micro-prism\u00e1tico y marcado CE. Cumple normativas 8.1-IC, MOPU y CE, incluye pletinas para montaje con postes o tr\u00edpodes disponibles.\" \/>\n<meta name=\"robots\" content=\"index, follow, max-snippet:-1, max-image-preview:large, max-video-preview:-1\" \/>\n<link rel=\"canonical\" href=\"https:\/\/careymoa.virtualservers.es\/index.php\/producto\/senal-obra-tp-17-tripode-estrechamiento-de-calzada-izquierda\/\" \/>\n<meta property=\"og:locale\" content=\"es_ES\" \/>\n<meta property=\"og:type\" content=\"article\" \/>\n<meta property=\"og:title\" content=\"Se\u00f1al Obra TP-17 + tr\u00edpode. Estrechamiento de calzada izquierda. - Careymoa\" \/>\n<meta property=\"og:description\" content=\"Se\u00f1al de tr\u00e1fico homologada para espacios p\u00fablicos y zonas en obras, resistente y reutilizable. Fabricada en acero galvanizado con material reflectante micro-prism\u00e1tico y marcado CE. Cumple normativas 8.1-IC, MOPU y CE, incluye pletinas para montaje con postes o tr\u00edpodes disponibles.\" \/>\n<meta property=\"og:url\" content=\"https:\/\/careymoa.virtualservers.es\/index.php\/producto\/senal-obra-tp-17-tripode-estrechamiento-de-calzada-izquierda\/\" \/>\n<meta property=\"og:site_name\" content=\"Careymoa\" \/>\n<meta property=\"article:modified_time\" content=\"2024-07-01T10:03:09+00:00\" \/>\n<meta property=\"og:image\" content=\"https:\/\/careymoa.virtualservers.es\/wp-content\/uploads\/2024\/06\/senal-tp-17_2.jpg\" \/>\n\t<meta property=\"og:image:width\" content=\"768\" \/>\n\t<meta property=\"og:image:height\" content=\"1024\" \/>\n\t<meta property=\"og:image:type\" content=\"image\/jpeg\" \/>\n<meta name=\"twitter:card\" content=\"summary_large_image\" \/>\n<meta name=\"twitter:label1\" content=\"Tiempo de lectura\" \/>\n\t<meta name=\"twitter:data1\" content=\"1 minuto\" \/>\n<script type=\"application\/ld+json\" class=\"yoast-schema-graph\">{\"@context\":\"https:\/\/schema.org\",\"@graph\":[{\"@type\":\"WebPage\",\"@id\":\"https:\/\/careymoa.virtualservers.es\/index.php\/producto\/senal-obra-tp-17-tripode-estrechamiento-de-calzada-izquierda\/\",\"url\":\"https:\/\/careymoa.virtualservers.es\/index.php\/producto\/senal-obra-tp-17-tripode-estrechamiento-de-calzada-izquierda\/\",\"name\":\"Se\u00f1al Obra TP-17 + tr\u00edpode. Estrechamiento de calzada izquierda. - Careymoa\",\"isPartOf\":{\"@id\":\"https:\/\/careymoa.virtualservers.es\/#website\"},\"primaryImageOfPage\":{\"@id\":\"https:\/\/careymoa.virtualservers.es\/index.php\/producto\/senal-obra-tp-17-tripode-estrechamiento-de-calzada-izquierda\/#primaryimage\"},\"image\":{\"@id\":\"https:\/\/careymoa.virtualservers.es\/index.php\/producto\/senal-obra-tp-17-tripode-estrechamiento-de-calzada-izquierda\/#primaryimage\"},\"thumbnailUrl\":\"https:\/\/careymoa.virtualservers.es\/wp-content\/uploads\/2024\/06\/senal-tp-17_2.jpg\",\"datePublished\":\"2024-06-28T10:52:08+00:00\",\"dateModified\":\"2024-07-01T10:03:09+00:00\",\"description\":\"Se\u00f1al de tr\u00e1fico homologada para espacios p\u00fablicos y zonas en obras, resistente y reutilizable. Fabricada en acero galvanizado con material reflectante micro-prism\u00e1tico y marcado CE. Cumple normativas 8.1-IC, MOPU y CE, incluye pletinas para montaje con postes o tr\u00edpodes disponibles.\",\"breadcrumb\":{\"@id\":\"https:\/\/careymoa.virtualservers.es\/index.php\/producto\/senal-obra-tp-17-tripode-estrechamiento-de-calzada-izquierda\/#breadcrumb\"},\"inLanguage\":\"es\",\"potentialAction\":[{\"@type\":\"ReadAction\",\"target\":[\"https:\/\/careymoa.virtualservers.es\/index.php\/producto\/senal-obra-tp-17-tripode-estrechamiento-de-calzada-izquierda\/\"]}]},{\"@type\":\"ImageObject\",\"inLanguage\":\"es\",\"@id\":\"https:\/\/careymoa.virtualservers.es\/index.php\/producto\/senal-obra-tp-17-tripode-estrechamiento-de-calzada-izquierda\/#primaryimage\",\"url\":\"https:\/\/careymoa.virtualservers.es\/wp-content\/uploads\/2024\/06\/senal-tp-17_2.jpg\",\"contentUrl\":\"https:\/\/careymoa.virtualservers.es\/wp-content\/uploads\/2024\/06\/senal-tp-17_2.jpg\",\"width\":768,\"height\":1024},{\"@type\":\"BreadcrumbList\",\"@id\":\"https:\/\/careymoa.virtualservers.es\/index.php\/producto\/senal-obra-tp-17-tripode-estrechamiento-de-calzada-izquierda\/#breadcrumb\",\"itemListElement\":[{\"@type\":\"ListItem\",\"position\":1,\"name\":\"Portada\",\"item\":\"https:\/\/careymoa.virtualservers.es\/\"},{\"@type\":\"ListItem\",\"position\":2,\"name\":\"Tienda\",\"item\":\"https:\/\/careymoa.virtualservers.es\/index.php\/tienda\/\"},{\"@type\":\"ListItem\",\"position\":3,\"name\":\"Se\u00f1al Obra TP-17 + tr\u00edpode. Estrechamiento de calzada izquierda.\"}]},{\"@type\":\"WebSite\",\"@id\":\"https:\/\/careymoa.virtualservers.es\/#website\",\"url\":\"https:\/\/careymoa.virtualservers.es\/\",\"name\":\"Careymoa\",\"description\":\"Empresa de alquiler de maquinaria \",\"publisher\":{\"@id\":\"https:\/\/careymoa.virtualservers.es\/#organization\"},\"potentialAction\":[{\"@type\":\"SearchAction\",\"target\":{\"@type\":\"EntryPoint\",\"urlTemplate\":\"https:\/\/careymoa.virtualservers.es\/?s={search_term_string}\"},\"query-input\":\"required name=search_term_string\"}],\"inLanguage\":\"es\"},{\"@type\":\"Organization\",\"@id\":\"https:\/\/careymoa.virtualservers.es\/#organization\",\"name\":\"Careymoa\",\"url\":\"https:\/\/careymoa.virtualservers.es\/\",\"logo\":{\"@type\":\"ImageObject\",\"inLanguage\":\"es\",\"@id\":\"https:\/\/careymoa.virtualservers.es\/#\/schema\/logo\/image\/\",\"url\":\"https:\/\/careymoa.virtualservers.es\/wp-content\/uploads\/2024\/05\/cropped-image002.png\",\"contentUrl\":\"https:\/\/careymoa.virtualservers.es\/wp-content\/uploads\/2024\/05\/cropped-image002.png\",\"width\":374,\"height\":148,\"caption\":\"Careymoa\"},\"image\":{\"@id\":\"https:\/\/careymoa.virtualservers.es\/#\/schema\/logo\/image\/\"}}]}<\/script>\n<!-- \/ Yoast SEO plugin. -->","yoast_head_json":{"title":"Se\u00f1al Obra TP-17 + tr\u00edpode. Estrechamiento de calzada izquierda. - Careymoa","description":"Se\u00f1al de tr\u00e1fico homologada para espacios p\u00fablicos y zonas en obras, resistente y reutilizable. Fabricada en acero galvanizado con material reflectante micro-prism\u00e1tico y marcado CE. Cumple normativas 8.1-IC, MOPU y CE, incluye pletinas para montaje con postes o tr\u00edpodes disponibles.","robots":{"index":"index","follow":"follow","max-snippet":"max-snippet:-1","max-image-preview":"max-image-preview:large","max-video-preview":"max-video-preview:-1"},"canonical":"https:\/\/careymoa.virtualservers.es\/index.php\/producto\/senal-obra-tp-17-tripode-estrechamiento-de-calzada-izquierda\/","og_locale":"es_ES","og_type":"article","og_title":"Se\u00f1al Obra TP-17 + tr\u00edpode. Estrechamiento de calzada izquierda. - Careymoa","og_description":"Se\u00f1al de tr\u00e1fico homologada para espacios p\u00fablicos y zonas en obras, resistente y reutilizable. Fabricada en acero galvanizado con material reflectante micro-prism\u00e1tico y marcado CE. Cumple normativas 8.1-IC, MOPU y CE, incluye pletinas para montaje con postes o tr\u00edpodes disponibles.","og_url":"https:\/\/careymoa.virtualservers.es\/index.php\/producto\/senal-obra-tp-17-tripode-estrechamiento-de-calzada-izquierda\/","og_site_name":"Careymoa","article_modified_time":"2024-07-01T10:03:09+00:00","og_image":[{"width":768,"height":1024,"url":"https:\/\/careymoa.virtualservers.es\/wp-content\/uploads\/2024\/06\/senal-tp-17_2.jpg","type":"image\/jpeg"}],"twitter_card":"summary_large_image","twitter_misc":{"Tiempo de lectura":"1 minuto"},"schema":{"@context":"https:\/\/schema.org","@graph":[{"@type":"WebPage","@id":"https:\/\/careymoa.virtualservers.es\/index.php\/producto\/senal-obra-tp-17-tripode-estrechamiento-de-calzada-izquierda\/","url":"https:\/\/careymoa.virtualservers.es\/index.php\/producto\/senal-obra-tp-17-tripode-estrechamiento-de-calzada-izquierda\/","name":"Se\u00f1al Obra TP-17 + tr\u00edpode. Estrechamiento de calzada izquierda. - Careymoa","isPartOf":{"@id":"https:\/\/careymoa.virtualservers.es\/#website"},"primaryImageOfPage":{"@id":"https:\/\/careymoa.virtualservers.es\/index.php\/producto\/senal-obra-tp-17-tripode-estrechamiento-de-calzada-izquierda\/#primaryimage"},"image":{"@id":"https:\/\/careymoa.virtualservers.es\/index.php\/producto\/senal-obra-tp-17-tripode-estrechamiento-de-calzada-izquierda\/#primaryimage"},"thumbnailUrl":"https:\/\/careymoa.virtualservers.es\/wp-content\/uploads\/2024\/06\/senal-tp-17_2.jpg","datePublished":"2024-06-28T10:52:08+00:00","dateModified":"2024-07-01T10:03:09+00:00","description":"Se\u00f1al de tr\u00e1fico homologada para espacios p\u00fablicos y zonas en obras, resistente y reutilizable. Fabricada en acero galvanizado con material reflectante micro-prism\u00e1tico y marcado CE. Cumple normativas 8.1-IC, MOPU y CE, incluye pletinas para montaje con postes o tr\u00edpodes disponibles.","breadcrumb":{"@id":"https:\/\/careymoa.virtualservers.es\/index.php\/producto\/senal-obra-tp-17-tripode-estrechamiento-de-calzada-izquierda\/#breadcrumb"},"inLanguage":"es","potentialAction":[{"@type":"ReadAction","target":["https:\/\/careymoa.virtualservers.es\/index.php\/producto\/senal-obra-tp-17-tripode-estrechamiento-de-calzada-izquierda\/"]}]},{"@type":"ImageObject","inLanguage":"es","@id":"https:\/\/careymoa.virtualservers.es\/index.php\/producto\/senal-obra-tp-17-tripode-estrechamiento-de-calzada-izquierda\/#primaryimage","url":"https:\/\/careymoa.virtualservers.es\/wp-content\/uploads\/2024\/06\/senal-tp-17_2.jpg","contentUrl":"https:\/\/careymoa.virtualservers.es\/wp-content\/uploads\/2024\/06\/senal-tp-17_2.jpg","width":768,"height":1024},{"@type":"BreadcrumbList","@id":"https:\/\/careymoa.virtualservers.es\/index.php\/producto\/senal-obra-tp-17-tripode-estrechamiento-de-calzada-izquierda\/#breadcrumb","itemListElement":[{"@type":"ListItem","position":1,"name":"Portada","item":"https:\/\/careymoa.virtualservers.es\/"},{"@type":"ListItem","position":2,"name":"Tienda","item":"https:\/\/careymoa.virtualservers.es\/index.php\/tienda\/"},{"@type":"ListItem","position":3,"name":"Se\u00f1al Obra TP-17 + tr\u00edpode. Estrechamiento de calzada izquierda."}]},{"@type":"WebSite","@id":"https:\/\/careymoa.virtualservers.es\/#website","url":"https:\/\/careymoa.virtualservers.es\/","name":"Careymoa","description":"Empresa de alquiler de maquinaria ","publisher":{"@id":"https:\/\/careymoa.virtualservers.es\/#organization"},"potentialAction":[{"@type":"SearchAction","target":{"@type":"EntryPoint","urlTemplate":"https:\/\/careymoa.virtualservers.es\/?s={search_term_string}"},"query-input":"required name=search_term_string"}],"inLanguage":"es"},{"@type":"Organization","@id":"https:\/\/careymoa.virtualservers.es\/#organization","name":"Careymoa","url":"https:\/\/careymoa.virtualservers.es\/","logo":{"@type":"ImageObject","inLanguage":"es","@id":"https:\/\/careymoa.virtualservers.es\/#\/schema\/logo\/image\/","url":"https:\/\/careymoa.virtualservers.es\/wp-content\/uploads\/2024\/05\/cropped-image002.png","contentUrl":"https:\/\/careymoa.virtualservers.es\/wp-content\/uploads\/2024\/05\/cropped-image002.png","width":374,"height":148,"caption":"Careymoa"},"image":{"@id":"https:\/\/careymoa.virtualservers.es\/#\/schema\/logo\/image\/"}}]}},"_links":{"self":[{"href":"https:\/\/careymoa.virtualservers.es\/index.php\/wp-json\/wp\/v2\/product\/873","targetHints":{"allow":["GET"]}}],"collection":[{"href":"https:\/\/careymoa.virtualservers.es\/index.php\/wp-json\/wp\/v2\/product"}],"about":[{"href":"https:\/\/careymoa.virtualservers.es\/index.php\/wp-json\/wp\/v2\/types\/product"}],"replies":[{"embeddable":true,"href":"https:\/\/careymoa.virtualservers.es\/index.php\/wp-json\/wp\/v2\/comments?post=873"}],"wp:featuredmedia":[{"embeddable":true,"href":"https:\/\/careymoa.virtualservers.es\/index.php\/wp-json\/wp\/v2\/media\/1002"}],"wp:attachment":[{"href":"https:\/\/careymoa.virtualservers.es\/index.php\/wp-json\/wp\/v2\/media?parent=873"}],"wp:term":[{"taxonomy":"product_cat","embeddable":true,"href":"https:\/\/careymoa.virtualservers.es\/index.php\/wp-json\/wp\/v2\/product_cat?post=873"},{"taxonomy":"product_tag","embeddable":true,"href":"https:\/\/careymoa.virtualservers.es\/index.php\/wp-json\/wp\/v2\/product_tag?post=873"}],"curies":[{"name":"wp","href":"https:\/\/api.w.org\/{rel}","templated":true}]}}