{"id":861,"date":"2024-06-28T10:36:17","date_gmt":"2024-06-28T10:36:17","guid":{"rendered":"https:\/\/careymoa.virtualservers.es\/?post_type=product&#038;p=861"},"modified":"2024-07-01T09:35:27","modified_gmt":"2024-07-01T09:35:27","slug":"cartel-informativo-amarillo-atencion-salida-de-camiones","status":"publish","type":"product","link":"https:\/\/careymoa.virtualservers.es\/index.php\/producto\/cartel-informativo-amarillo-atencion-salida-de-camiones\/","title":{"rendered":"Cartel informativo amarillo. \u00abAtenci\u00f3n salida de camiones\u00bb."},"content":{"rendered":"<div class=\"flex flex-grow flex-col max-w-full\">\n<div class=\"min-h-[20px] text-message flex flex-col items-start whitespace-pre-wrap break-words [.text-message+&amp;]:mt-5 juice:w-full juice:items-end overflow-x-auto gap-2\" dir=\"auto\" data-message-author-role=\"assistant\" data-message-id=\"bf36414f-a3c7-4fa3-8c5a-a418fb6628f1\">\n<div class=\"flex w-full flex-col gap-1 juice:empty:hidden juice:first:pt-[3px]\">\n<div class=\"markdown prose w-full break-words dark:prose-invert dark\">\n<p>Descubre nuestras se\u00f1ales fabricadas en PVC, un material conocido por su resistencia y durabilidad excepcionales. Con dimensiones est\u00e1ndar de 40 x 30 cm, cada se\u00f1al est\u00e1 impresa con tintas de alta adherencia para asegurar que mantenga su calidad y legibilidad a lo largo del tiempo. Vers\u00e1til y adaptable, puede ser utilizada tanto en espacios exteriores como interiores, ofreciendo una soluci\u00f3n confiable y efectiva para tus necesidades de se\u00f1alizaci\u00f3n.<\/p>\n<\/div>\n<\/div>\n<\/div>\n<\/div>\n","protected":false},"excerpt":{"rendered":"<div class=\"flex flex-grow flex-col max-w-full\">\n<div class=\"min-h-[20px] text-message flex flex-col items-start whitespace-pre-wrap break-words [.text-message+&amp;]:mt-5 juice:w-full juice:items-end overflow-x-auto gap-2\" dir=\"auto\" data-message-author-role=\"assistant\" data-message-id=\"c0efd3ac-7b9f-4ec6-baea-ebb59e0a5708\">\n<div class=\"flex w-full flex-col gap-1 juice:empty:hidden juice:first:pt-[3px]\">\n<div class=\"markdown prose w-full break-words dark:prose-invert dark\">\n<p>Descubre nuestras se\u00f1ales en PVC, robustas y duraderas, ideales para interiores y exteriores. Impresas con tintas de alta adherencia para mantener su calidad a lo largo del tiempo.<\/p>\n<\/div>\n<\/div>\n<\/div>\n<\/div>\n","protected":false},"featured_media":987,"comment_status":"open","ping_status":"closed","template":"","meta":[],"product_cat":[44],"product_tag":[],"class_list":{"0":"post-861","1":"product","2":"type-product","3":"status-publish","4":"has-post-thumbnail","6":"product_cat-senalizacion-y-balizamiento","8":"first","9":"instock","10":"shipping-taxable","11":"product-type-simple"},"yoast_head":"<!-- This site is optimized with the Yoast SEO plugin v22.6 - https:\/\/yoast.com\/wordpress\/plugins\/seo\/ -->\n<title>Cartel informativo amarillo. &quot;Atenci\u00f3n salida de camiones&quot;. - Careymoa<\/title>\n<meta name=\"description\" content=\"Descubre nuestras se\u00f1ales en PVC, robustas y duraderas, ideales para interiores y exteriores. Impresas con tintas de alta adherencia para mantener su calidad a lo largo del tiempo.\" \/>\n<meta name=\"robots\" content=\"index, follow, max-snippet:-1, max-image-preview:large, max-video-preview:-1\" \/>\n<link rel=\"canonical\" href=\"https:\/\/careymoa.virtualservers.es\/index.php\/producto\/cartel-informativo-amarillo-atencion-salida-de-camiones\/\" \/>\n<meta property=\"og:locale\" content=\"es_ES\" \/>\n<meta property=\"og:type\" content=\"article\" \/>\n<meta property=\"og:title\" content=\"Cartel informativo amarillo. &quot;Atenci\u00f3n salida de camiones&quot;. - Careymoa\" \/>\n<meta property=\"og:description\" content=\"Descubre nuestras se\u00f1ales en PVC, robustas y duraderas, ideales para interiores y exteriores. Impresas con tintas de alta adherencia para mantener su calidad a lo largo del tiempo.\" \/>\n<meta property=\"og:url\" content=\"https:\/\/careymoa.virtualservers.es\/index.php\/producto\/cartel-informativo-amarillo-atencion-salida-de-camiones\/\" \/>\n<meta property=\"og:site_name\" content=\"Careymoa\" \/>\n<meta property=\"article:modified_time\" content=\"2024-07-01T09:35:27+00:00\" \/>\n<meta property=\"og:image\" content=\"https:\/\/careymoa.virtualservers.es\/wp-content\/uploads\/2024\/06\/Salida-Camiones.png\" \/>\n\t<meta property=\"og:image:width\" content=\"568\" \/>\n\t<meta property=\"og:image:height\" content=\"741\" \/>\n\t<meta property=\"og:image:type\" content=\"image\/png\" \/>\n<meta name=\"twitter:card\" content=\"summary_large_image\" \/>\n<meta name=\"twitter:label1\" content=\"Tiempo de lectura\" \/>\n\t<meta name=\"twitter:data1\" content=\"1 minuto\" \/>\n<script type=\"application\/ld+json\" class=\"yoast-schema-graph\">{\"@context\":\"https:\/\/schema.org\",\"@graph\":[{\"@type\":\"WebPage\",\"@id\":\"https:\/\/careymoa.virtualservers.es\/index.php\/producto\/cartel-informativo-amarillo-atencion-salida-de-camiones\/\",\"url\":\"https:\/\/careymoa.virtualservers.es\/index.php\/producto\/cartel-informativo-amarillo-atencion-salida-de-camiones\/\",\"name\":\"Cartel informativo amarillo. \\\"Atenci\u00f3n salida de camiones\\\". - Careymoa\",\"isPartOf\":{\"@id\":\"https:\/\/careymoa.virtualservers.es\/#website\"},\"primaryImageOfPage\":{\"@id\":\"https:\/\/careymoa.virtualservers.es\/index.php\/producto\/cartel-informativo-amarillo-atencion-salida-de-camiones\/#primaryimage\"},\"image\":{\"@id\":\"https:\/\/careymoa.virtualservers.es\/index.php\/producto\/cartel-informativo-amarillo-atencion-salida-de-camiones\/#primaryimage\"},\"thumbnailUrl\":\"https:\/\/careymoa.virtualservers.es\/wp-content\/uploads\/2024\/06\/Salida-Camiones.png\",\"datePublished\":\"2024-06-28T10:36:17+00:00\",\"dateModified\":\"2024-07-01T09:35:27+00:00\",\"description\":\"Descubre nuestras se\u00f1ales en PVC, robustas y duraderas, ideales para interiores y exteriores. Impresas con tintas de alta adherencia para mantener su calidad a lo largo del tiempo.\",\"breadcrumb\":{\"@id\":\"https:\/\/careymoa.virtualservers.es\/index.php\/producto\/cartel-informativo-amarillo-atencion-salida-de-camiones\/#breadcrumb\"},\"inLanguage\":\"es\",\"potentialAction\":[{\"@type\":\"ReadAction\",\"target\":[\"https:\/\/careymoa.virtualservers.es\/index.php\/producto\/cartel-informativo-amarillo-atencion-salida-de-camiones\/\"]}]},{\"@type\":\"ImageObject\",\"inLanguage\":\"es\",\"@id\":\"https:\/\/careymoa.virtualservers.es\/index.php\/producto\/cartel-informativo-amarillo-atencion-salida-de-camiones\/#primaryimage\",\"url\":\"https:\/\/careymoa.virtualservers.es\/wp-content\/uploads\/2024\/06\/Salida-Camiones.png\",\"contentUrl\":\"https:\/\/careymoa.virtualservers.es\/wp-content\/uploads\/2024\/06\/Salida-Camiones.png\",\"width\":568,\"height\":741},{\"@type\":\"BreadcrumbList\",\"@id\":\"https:\/\/careymoa.virtualservers.es\/index.php\/producto\/cartel-informativo-amarillo-atencion-salida-de-camiones\/#breadcrumb\",\"itemListElement\":[{\"@type\":\"ListItem\",\"position\":1,\"name\":\"Portada\",\"item\":\"https:\/\/careymoa.virtualservers.es\/\"},{\"@type\":\"ListItem\",\"position\":2,\"name\":\"Tienda\",\"item\":\"https:\/\/careymoa.virtualservers.es\/index.php\/tienda\/\"},{\"@type\":\"ListItem\",\"position\":3,\"name\":\"Cartel informativo amarillo. \u00abAtenci\u00f3n salida de camiones\u00bb.\"}]},{\"@type\":\"WebSite\",\"@id\":\"https:\/\/careymoa.virtualservers.es\/#website\",\"url\":\"https:\/\/careymoa.virtualservers.es\/\",\"name\":\"Careymoa\",\"description\":\"Empresa de alquiler de maquinaria \",\"publisher\":{\"@id\":\"https:\/\/careymoa.virtualservers.es\/#organization\"},\"potentialAction\":[{\"@type\":\"SearchAction\",\"target\":{\"@type\":\"EntryPoint\",\"urlTemplate\":\"https:\/\/careymoa.virtualservers.es\/?s={search_term_string}\"},\"query-input\":\"required name=search_term_string\"}],\"inLanguage\":\"es\"},{\"@type\":\"Organization\",\"@id\":\"https:\/\/careymoa.virtualservers.es\/#organization\",\"name\":\"Careymoa\",\"url\":\"https:\/\/careymoa.virtualservers.es\/\",\"logo\":{\"@type\":\"ImageObject\",\"inLanguage\":\"es\",\"@id\":\"https:\/\/careymoa.virtualservers.es\/#\/schema\/logo\/image\/\",\"url\":\"https:\/\/careymoa.virtualservers.es\/wp-content\/uploads\/2024\/05\/cropped-image002.png\",\"contentUrl\":\"https:\/\/careymoa.virtualservers.es\/wp-content\/uploads\/2024\/05\/cropped-image002.png\",\"width\":374,\"height\":148,\"caption\":\"Careymoa\"},\"image\":{\"@id\":\"https:\/\/careymoa.virtualservers.es\/#\/schema\/logo\/image\/\"}}]}<\/script>\n<!-- \/ Yoast SEO plugin. -->","yoast_head_json":{"title":"Cartel informativo amarillo. \"Atenci\u00f3n salida de camiones\". - Careymoa","description":"Descubre nuestras se\u00f1ales en PVC, robustas y duraderas, ideales para interiores y exteriores. Impresas con tintas de alta adherencia para mantener su calidad a lo largo del tiempo.","robots":{"index":"index","follow":"follow","max-snippet":"max-snippet:-1","max-image-preview":"max-image-preview:large","max-video-preview":"max-video-preview:-1"},"canonical":"https:\/\/careymoa.virtualservers.es\/index.php\/producto\/cartel-informativo-amarillo-atencion-salida-de-camiones\/","og_locale":"es_ES","og_type":"article","og_title":"Cartel informativo amarillo. \"Atenci\u00f3n salida de camiones\". - Careymoa","og_description":"Descubre nuestras se\u00f1ales en PVC, robustas y duraderas, ideales para interiores y exteriores. Impresas con tintas de alta adherencia para mantener su calidad a lo largo del tiempo.","og_url":"https:\/\/careymoa.virtualservers.es\/index.php\/producto\/cartel-informativo-amarillo-atencion-salida-de-camiones\/","og_site_name":"Careymoa","article_modified_time":"2024-07-01T09:35:27+00:00","og_image":[{"width":568,"height":741,"url":"https:\/\/careymoa.virtualservers.es\/wp-content\/uploads\/2024\/06\/Salida-Camiones.png","type":"image\/png"}],"twitter_card":"summary_large_image","twitter_misc":{"Tiempo de lectura":"1 minuto"},"schema":{"@context":"https:\/\/schema.org","@graph":[{"@type":"WebPage","@id":"https:\/\/careymoa.virtualservers.es\/index.php\/producto\/cartel-informativo-amarillo-atencion-salida-de-camiones\/","url":"https:\/\/careymoa.virtualservers.es\/index.php\/producto\/cartel-informativo-amarillo-atencion-salida-de-camiones\/","name":"Cartel informativo amarillo. \"Atenci\u00f3n salida de camiones\". - Careymoa","isPartOf":{"@id":"https:\/\/careymoa.virtualservers.es\/#website"},"primaryImageOfPage":{"@id":"https:\/\/careymoa.virtualservers.es\/index.php\/producto\/cartel-informativo-amarillo-atencion-salida-de-camiones\/#primaryimage"},"image":{"@id":"https:\/\/careymoa.virtualservers.es\/index.php\/producto\/cartel-informativo-amarillo-atencion-salida-de-camiones\/#primaryimage"},"thumbnailUrl":"https:\/\/careymoa.virtualservers.es\/wp-content\/uploads\/2024\/06\/Salida-Camiones.png","datePublished":"2024-06-28T10:36:17+00:00","dateModified":"2024-07-01T09:35:27+00:00","description":"Descubre nuestras se\u00f1ales en PVC, robustas y duraderas, ideales para interiores y exteriores. Impresas con tintas de alta adherencia para mantener su calidad a lo largo del tiempo.","breadcrumb":{"@id":"https:\/\/careymoa.virtualservers.es\/index.php\/producto\/cartel-informativo-amarillo-atencion-salida-de-camiones\/#breadcrumb"},"inLanguage":"es","potentialAction":[{"@type":"ReadAction","target":["https:\/\/careymoa.virtualservers.es\/index.php\/producto\/cartel-informativo-amarillo-atencion-salida-de-camiones\/"]}]},{"@type":"ImageObject","inLanguage":"es","@id":"https:\/\/careymoa.virtualservers.es\/index.php\/producto\/cartel-informativo-amarillo-atencion-salida-de-camiones\/#primaryimage","url":"https:\/\/careymoa.virtualservers.es\/wp-content\/uploads\/2024\/06\/Salida-Camiones.png","contentUrl":"https:\/\/careymoa.virtualservers.es\/wp-content\/uploads\/2024\/06\/Salida-Camiones.png","width":568,"height":741},{"@type":"BreadcrumbList","@id":"https:\/\/careymoa.virtualservers.es\/index.php\/producto\/cartel-informativo-amarillo-atencion-salida-de-camiones\/#breadcrumb","itemListElement":[{"@type":"ListItem","position":1,"name":"Portada","item":"https:\/\/careymoa.virtualservers.es\/"},{"@type":"ListItem","position":2,"name":"Tienda","item":"https:\/\/careymoa.virtualservers.es\/index.php\/tienda\/"},{"@type":"ListItem","position":3,"name":"Cartel informativo amarillo. \u00abAtenci\u00f3n salida de camiones\u00bb."}]},{"@type":"WebSite","@id":"https:\/\/careymoa.virtualservers.es\/#website","url":"https:\/\/careymoa.virtualservers.es\/","name":"Careymoa","description":"Empresa de alquiler de maquinaria ","publisher":{"@id":"https:\/\/careymoa.virtualservers.es\/#organization"},"potentialAction":[{"@type":"SearchAction","target":{"@type":"EntryPoint","urlTemplate":"https:\/\/careymoa.virtualservers.es\/?s={search_term_string}"},"query-input":"required name=search_term_string"}],"inLanguage":"es"},{"@type":"Organization","@id":"https:\/\/careymoa.virtualservers.es\/#organization","name":"Careymoa","url":"https:\/\/careymoa.virtualservers.es\/","logo":{"@type":"ImageObject","inLanguage":"es","@id":"https:\/\/careymoa.virtualservers.es\/#\/schema\/logo\/image\/","url":"https:\/\/careymoa.virtualservers.es\/wp-content\/uploads\/2024\/05\/cropped-image002.png","contentUrl":"https:\/\/careymoa.virtualservers.es\/wp-content\/uploads\/2024\/05\/cropped-image002.png","width":374,"height":148,"caption":"Careymoa"},"image":{"@id":"https:\/\/careymoa.virtualservers.es\/#\/schema\/logo\/image\/"}}]}},"_links":{"self":[{"href":"https:\/\/careymoa.virtualservers.es\/index.php\/wp-json\/wp\/v2\/product\/861","targetHints":{"allow":["GET"]}}],"collection":[{"href":"https:\/\/careymoa.virtualservers.es\/index.php\/wp-json\/wp\/v2\/product"}],"about":[{"href":"https:\/\/careymoa.virtualservers.es\/index.php\/wp-json\/wp\/v2\/types\/product"}],"replies":[{"embeddable":true,"href":"https:\/\/careymoa.virtualservers.es\/index.php\/wp-json\/wp\/v2\/comments?post=861"}],"wp:featuredmedia":[{"embeddable":true,"href":"https:\/\/careymoa.virtualservers.es\/index.php\/wp-json\/wp\/v2\/media\/987"}],"wp:attachment":[{"href":"https:\/\/careymoa.virtualservers.es\/index.php\/wp-json\/wp\/v2\/media?parent=861"}],"wp:term":[{"taxonomy":"product_cat","embeddable":true,"href":"https:\/\/careymoa.virtualservers.es\/index.php\/wp-json\/wp\/v2\/product_cat?post=861"},{"taxonomy":"product_tag","embeddable":true,"href":"https:\/\/careymoa.virtualservers.es\/index.php\/wp-json\/wp\/v2\/product_tag?post=861"}],"curies":[{"name":"wp","href":"https:\/\/api.w.org\/{rel}","templated":true}]}}